{"id":271,"date":"2021-09-21T15:09:46","date_gmt":"2021-09-21T13:09:46","guid":{"rendered":"https:\/\/fizyka.ujk.edu.pl\/nowa\/?page_id=271"},"modified":"2025-01-08T12:44:43","modified_gmt":"2025-01-08T11:44:43","slug":"uniwersytet-mlodych","status":"publish","type":"page","link":"https:\/\/fizyka.ujk.edu.pl\/index.php\/dla-szkol\/uniwersytet-mlodych\/","title":{"rendered":"Uniwersytet M\u0142odych"},"content":{"rendered":"<h2>Uniwersytet M\u0142odych<\/h2>\n<p class=\"center\"><img decoding=\"async\" class=\"center\" src=\"https:\/\/fizyka.ujk.edu.pl\/pl\/images\/logotypUE.jpg\" alt=\"logotyp UE\" \/><\/p>\n<p align=\"justify\">Projekt pn.: \u201eUNIWERSYTET M\u0141ODYCH \u2013 innowacyjne modu\u0142y zaj\u0119\u0107 wspieraj\u0105ce uczni\u00f3w uzdolnionych w zakresie nauk przyrodniczych i \u015bcis\u0142ych\u201d o numerze POWR.03.01.00-00-C070\/16 realizowany przez Uniwersytet Jana Kochanowskiego w Kielcach, wsp\u00f3\u0142finansowany ze \u015brodk\u00f3w Unii Europejskiej w ramach Europejskiego Funduszu Spo\u0142ecznego, O\u015b III Szkolnictwo wy\u017csze dla gospodarki i rozwoju Dzia\u0142anie 3.1 Kompetencje w szkolnictwie wy\u017cszym Programu Operacyjnego Wiedza Edukacja Rozw\u00f3j 2014-2020.<\/p>\n<p align=\"justify\">\nProjekt realizowany by\u0142 przez Uniwersytet Jana Kochanowskiego w Kielcach i Gmin\u0119 Kielce. Wsparcie udzielane Uczestnikom w ramach Projektu by\u0142o bezp\u0142atne, finansowane ze \u015brodk\u00f3w Unii Europejskiej w ramach Europejskiego Funduszu Spo\u0142ecznego i prowadzone zgodnie z zasad\u0105 r\u00f3wno\u015bci szans i niedyskryminacji. <\/p>\n<p align=\"justify\">\nProjekt skierowany by\u0142 do m\u0142odzie\u017cy szkolnej w wieku 15-17 lat, kszta\u0142c\u0105cej si\u0119 w liceach i technikach na terenie miasta Kielce, w szczeg\u00f3lno\u015bci do uczni\u00f3w zdolnych, laureat\u00f3w i finalist\u00f3w og\u00f3lnopolskich oraz wojew\u00f3dzkich konkurs\u00f3w i olimpiad przedmiotowych \u2013 uczniowie szczeg\u00f3lnie uzdolnieni i zainteresowani okre\u015blonym przedmiotem. Zaj\u0119cia organizowano w modu\u0142ach: geografia, biologia, fizyka, matematyka, chemia oraz warsztatach psychologiczno-pedagogicznych.<\/p>\n<p align=\"justify\">\nCelem g\u0142\u00f3wnym projektu by\u0142o podniesienie kompetencji uczni\u00f3w i uczennic w zakresie komunikowania si\u0119, wsp\u00f3\u0142pracy, my\u015blenia krytycznego i kreatywnego, rozwi\u0105zywania problem\u00f3w oraz dzia\u0142ania innowacyjnego poprzez wykorzystanie zasob\u00f3w Uniwersytetu Jana Kochanowskiego w Kielcach.<\/p>\n<p>Okres realizacji Projektu: od 01.09.2017 r. do 31.08.2019 r.<\/p>\n","protected":false},"excerpt":{"rendered":"<p>Uniwersytet M\u0142odych Projekt pn.: \u201eUNIWERSYTET M\u0141ODYCH \u2013 innowacyjne modu\u0142y zaj\u0119\u0107 wspieraj\u0105ce uczni\u00f3w uzdolnionych w zakresie nauk przyrodniczych i \u015bcis\u0142ych\u201d o numerze POWR.03.01.00-00-C070\/16 realizowany przez Uniwersytet Jana Kochanowskiego w Kielcach, wsp\u00f3\u0142finansowany ze \u015brodk\u00f3w Unii Europejskiej w ramach Europejskiego Funduszu Spo\u0142ecznego, O\u015b III Szkolnictwo wy\u017csze dla gospodarki i rozwoju Dzia\u0142anie 3.1 Kompetencje w szkolnictwie wy\u017cszym Programu Operacyjnego [&hellip;]<\/p>\n","protected":false},"author":1,"featured_media":0,"parent":90,"menu_order":0,"comment_status":"closed","ping_status":"closed","template":"","meta":{"footnotes":""},"class_list":["post-271","page","type-page","status-publish","hentry"],"_links":{"self":[{"href":"https:\/\/fizyka.ujk.edu.pl\/index.php\/wp-json\/wp\/v2\/pages\/271","targetHints":{"allow":["GET"]}}],"collection":[{"href":"https:\/\/fizyka.ujk.edu.pl\/index.php\/wp-json\/wp\/v2\/pages"}],"about":[{"href":"https:\/\/fizyka.ujk.edu.pl\/index.php\/wp-json\/wp\/v2\/types\/page"}],"author":[{"embeddable":true,"href":"https:\/\/fizyka.ujk.edu.pl\/index.php\/wp-json\/wp\/v2\/users\/1"}],"replies":[{"embeddable":true,"href":"https:\/\/fizyka.ujk.edu.pl\/index.php\/wp-json\/wp\/v2\/comments?post=271"}],"version-history":[{"count":8,"href":"https:\/\/fizyka.ujk.edu.pl\/index.php\/wp-json\/wp\/v2\/pages\/271\/revisions"}],"predecessor-version":[{"id":1718,"href":"https:\/\/fizyka.ujk.edu.pl\/index.php\/wp-json\/wp\/v2\/pages\/271\/revisions\/1718"}],"up":[{"embeddable":true,"href":"https:\/\/fizyka.ujk.edu.pl\/index.php\/wp-json\/wp\/v2\/pages\/90"}],"wp:attachment":[{"href":"https:\/\/fizyka.ujk.edu.pl\/index.php\/wp-json\/wp\/v2\/media?parent=271"}],"curies":[{"name":"wp","href":"https:\/\/api.w.org\/{rel}","templated":true}]}}

Uniwersytet Młodych

<h2>Uniwersytet Młodych</h2>
<p class="center"><img decoding="async" class="center" src="https://fizyka.ujk.edu.pl/pl/images/logotypUE.jpg" alt="logotyp UE" /></p>
<p align="justify">Projekt pn.: „UNIWERSYTET MŁODYCH – innowacyjne moduły zajęć wspierające uczniów uzdolnionych w zakresie nauk przyrodniczych i ścisłych” o numerze POWR.03.01.00-00-C070/16 realizowany przez Uniwersytet Jana Kochanowskiego w Kielcach, współfinansowany ze środków Unii Europejskiej w ramach Europejskiego Funduszu Społecznego, Oś III Szkolnictwo wyższe dla gospodarki i rozwoju Działanie 3.1 Kompetencje w szkolnictwie wyższym Programu Operacyjnego Wiedza Edukacja Rozwój 2014-2020.</p>
<p align="justify">
Projekt realizowany był przez Uniwersytet Jana Kochanowskiego w Kielcach i Gminę Kielce. Wsparcie udzielane Uczestnikom w ramach Projektu było bezpłatne, finansowane ze środków Unii Europejskiej w ramach Europejskiego Funduszu Społecznego i prowadzone zgodnie z zasadą równości szans i niedyskryminacji. </p>
<p align="justify">
Projekt skierowany był do młodzieży szkolnej w wieku 15-17 lat, kształcącej się w liceach i technikach na terenie miasta Kielce, w szczególności do uczniów zdolnych, laureatów i finalistów ogólnopolskich oraz wojewódzkich konkursów i olimpiad przedmiotowych – uczniowie szczególnie uzdolnieni i zainteresowani określonym przedmiotem. Zajęcia organizowano w modułach: geografia, biologia, fizyka, matematyka, chemia oraz warsztatach psychologiczno-pedagogicznych.</p>
<p align="justify">
Celem głównym projektu było podniesienie kompetencji uczniów i uczennic w zakresie komunikowania się, współpracy, myślenia krytycznego i kreatywnego, rozwiązywania problemów oraz działania innowacyjnego poprzez wykorzystanie zasobów Uniwersytetu Jana Kochanowskiego w Kielcach.</p>
<p>Okres realizacji Projektu: od 01.09.2017 r. do 31.08.2019 r.</p>

<p>Uniwersytet Młodych Projekt pn.: „UNIWERSYTET MŁODYCH – innowacyjne moduły zajęć wspierające uczniów uzdolnionych w zakresie nauk przyrodniczych i ścisłych” o numerze POWR.03.01.00-00-C070/16 realizowany przez Uniwersytet Jana Kochanowskiego w Kielcach, współfinansowany ze środków Unii Europejskiej w ramach Europejskiego Funduszu Społecznego, Oś III Szkolnictwo wyższe dla gospodarki i rozwoju Działanie 3.1 Kompetencje w szkolnictwie wyższym Programu Operacyjnego [&hellip;]</p>
