{"id":261,"date":"2021-09-21T15:07:25","date_gmt":"2021-09-21T13:07:25","guid":{"rendered":"https:\/\/fizyka.ujk.edu.pl\/nowa\/?page_id=261"},"modified":"2025-10-21T10:10:29","modified_gmt":"2025-10-21T08:10:29","slug":"program-most","status":"publish","type":"page","link":"https:\/\/fizyka.ujk.edu.pl\/index.php\/programy-edukacyjne\/program-most\/","title":{"rendered":"Program MOST"},"content":{"rendered":"<h2>Program MOST<\/h2>\n<p>MOST to program mobilno\u015bci student\u00f3w i doktorant\u00f3w. Od 1999 r. cieszy si\u0119 nies\u0142abn\u0105cym zainteresowaniem, umo\u017cliwiaj\u0105c studiowanie przez semestr lub ca\u0142y rok akademicki na jednym z dwudziestu polskich Uniwersytet\u00f3w.<\/p>\n<p>Udzia\u0142 w Programie jest bezp\u0142atny i niezale\u017cny od trybu studi\u00f3w. MOST daje mo\u017cliwo\u015b\u0107:\n<\/p>\n<ul>\n<li>  realizacji programu studi\u00f3w na uczelni innej ni\u017c macierzysta;<\/li>\n<li>  wyboru dodatkowych, zwi\u0105zanych z zainteresowaniem Studentki\/Studenta, zaj\u0119\u0107 dydaktycznych;<\/li>\n<li>  nawi\u0105zania kontaktu ze specjalistami w danej dziedzinie, pracuj\u0105cymi na uczelni innej ni\u017c macierzysta;<\/li>\n<li>  korzystania z ksi\u0119gozbioru innej uczelni, wykonywania kwerend bibliotecznych poza o\u015brodkiem macierzystym;<\/li>\n<li>  prowadzenia bada\u0144 do pracy seminaryjnej, magisterskiej, czy dysertacji doktorskiej w \u015brodowisku powi\u0105zanym z przedmiotem analiz;<\/li>\n<li>  nawi\u0105zania kontakt\u00f3w ze \u015brodowiskiem naukowym innego wydzia\u0142u, instytutu, katedry;<\/li>\n<li>  wykazania si\u0119, tak\u017ce przed przysz\u0142ym pracodawc\u0105, umiej\u0119tno\u015bci\u0105 adaptacji do nowych warunk\u00f3w, mobilno\u015bci\u0105.<\/li>\n<\/ul>\n<p> Szczeg\u00f3\u0142owe informacje dotycz\u0105ce programu MOST mo\u017cna znale\u017a\u0107 na stronie: <a href=\"http:\/\/most.amu.edu.pl\" target=\"_blank\" title=\"Strona programu MOST\" rel=\"noopener\">http:\/\/most.amu.edu.pl\/<\/a>\n <\/p>\n","protected":false},"excerpt":{"rendered":"<p>Program MOST MOST to program mobilno\u015bci student\u00f3w i doktorant\u00f3w. Od 1999 r. cieszy si\u0119 nies\u0142abn\u0105cym zainteresowaniem, umo\u017cliwiaj\u0105c studiowanie przez semestr lub ca\u0142y rok akademicki na jednym z dwudziestu polskich Uniwersytet\u00f3w. Udzia\u0142 w Programie jest bezp\u0142atny i niezale\u017cny od trybu studi\u00f3w. MOST daje mo\u017cliwo\u015b\u0107: realizacji programu studi\u00f3w na uczelni innej ni\u017c macierzysta; wyboru dodatkowych, zwi\u0105zanych z [&hellip;]<\/p>\n","protected":false},"author":1,"featured_media":0,"parent":88,"menu_order":0,"comment_status":"closed","ping_status":"closed","template":"","meta":{"footnotes":""},"class_list":["post-261","page","type-page","status-publish","hentry"],"_links":{"self":[{"href":"https:\/\/fizyka.ujk.edu.pl\/index.php\/wp-json\/wp\/v2\/pages\/261","targetHints":{"allow":["GET"]}}],"collection":[{"href":"https:\/\/fizyka.ujk.edu.pl\/index.php\/wp-json\/wp\/v2\/pages"}],"about":[{"href":"https:\/\/fizyka.ujk.edu.pl\/index.php\/wp-json\/wp\/v2\/types\/page"}],"author":[{"embeddable":true,"href":"https:\/\/fizyka.ujk.edu.pl\/index.php\/wp-json\/wp\/v2\/users\/1"}],"replies":[{"embeddable":true,"href":"https:\/\/fizyka.ujk.edu.pl\/index.php\/wp-json\/wp\/v2\/comments?post=261"}],"version-history":[{"count":3,"href":"https:\/\/fizyka.ujk.edu.pl\/index.php\/wp-json\/wp\/v2\/pages\/261\/revisions"}],"predecessor-version":[{"id":2156,"href":"https:\/\/fizyka.ujk.edu.pl\/index.php\/wp-json\/wp\/v2\/pages\/261\/revisions\/2156"}],"up":[{"embeddable":true,"href":"https:\/\/fizyka.ujk.edu.pl\/index.php\/wp-json\/wp\/v2\/pages\/88"}],"wp:attachment":[{"href":"https:\/\/fizyka.ujk.edu.pl\/index.php\/wp-json\/wp\/v2\/media?parent=261"}],"curies":[{"name":"wp","href":"https:\/\/api.w.org\/{rel}","templated":true}]}}