{"id":237,"date":"2021-09-21T15:01:23","date_gmt":"2021-09-21T13:01:23","guid":{"rendered":"https:\/\/fizyka.ujk.edu.pl\/nowa\/?page_id=237"},"modified":"2025-11-03T10:33:33","modified_gmt":"2025-11-03T09:33:33","slug":"stypendia","status":"publish","type":"page","link":"https:\/\/fizyka.ujk.edu.pl\/index.php\/studenci\/stypendia\/","title":{"rendered":"Stypendia"},"content":{"rendered":"<h2>Stypendia <\/h2>\n<p>\u015awiadczenia pomocy materialnej, o kt\u00f3re mo\u017ce si\u0119 ubiega\u0107 student Uniwersytetu Jana Kochanowskiego w Kielcach: <\/p>\n<ol>\n<li>Stypendium socjalne, <\/li>\n<li>Stypendium specjalne dla os\u00f3b z niepe\u0142nosprawno\u015bciami, <\/li>\n<li>Stypendium rektora, <\/li>\n<li>Stypendium ministra dla student\u00f3w,<\/li>\n<li>Zapomogi.<\/li>\n<\/ol>\n<p style=\"color:#FF0000\"><strong>Dodatkowe informacje, w tym aktualne uzgodnienia dotyczace wysoko\u015bci stypendi\u00f3w, mo\u017cna znale\u017a\u0107 na stronie Uniwersytetu Jana Kochanowskiego w dziale <a href=\"https:\/\/ujk.edu.pl\/studenci\/sprawy-socjalno-bytowe\/stypendia\/\" target=\"_blank\" rel=\"noopener\">Studenci &gt; Sprawy socjalno-bytowe &gt; Stypendia Socjalne <\/a> <\/strong><\/p>\n","protected":false},"excerpt":{"rendered":"<p>Stypendia \u015awiadczenia pomocy materialnej, o kt\u00f3re mo\u017ce si\u0119 ubiega\u0107 student Uniwersytetu Jana Kochanowskiego w Kielcach: Stypendium socjalne, Stypendium specjalne dla os\u00f3b z niepe\u0142nosprawno\u015bciami, Stypendium rektora, Stypendium ministra dla student\u00f3w, Zapomogi. Dodatkowe informacje, w tym aktualne uzgodnienia dotyczace wysoko\u015bci stypendi\u00f3w, mo\u017cna znale\u017a\u0107 na stronie Uniwersytetu Jana Kochanowskiego w dziale Studenci &gt; Sprawy socjalno-bytowe &gt; Stypendia Socjalne<\/p>\n","protected":false},"author":1,"featured_media":0,"parent":101,"menu_order":0,"comment_status":"closed","ping_status":"closed","template":"","meta":{"footnotes":""},"class_list":["post-237","page","type-page","status-publish","hentry"],"_links":{"self":[{"href":"https:\/\/fizyka.ujk.edu.pl\/index.php\/wp-json\/wp\/v2\/pages\/237","targetHints":{"allow":["GET"]}}],"collection":[{"href":"https:\/\/fizyka.ujk.edu.pl\/index.php\/wp-json\/wp\/v2\/pages"}],"about":[{"href":"https:\/\/fizyka.ujk.edu.pl\/index.php\/wp-json\/wp\/v2\/types\/page"}],"author":[{"embeddable":true,"href":"https:\/\/fizyka.ujk.edu.pl\/index.php\/wp-json\/wp\/v2\/users\/1"}],"replies":[{"embeddable":true,"href":"https:\/\/fizyka.ujk.edu.pl\/index.php\/wp-json\/wp\/v2\/comments?post=237"}],"version-history":[{"count":4,"href":"https:\/\/fizyka.ujk.edu.pl\/index.php\/wp-json\/wp\/v2\/pages\/237\/revisions"}],"predecessor-version":[{"id":2219,"href":"https:\/\/fizyka.ujk.edu.pl\/index.php\/wp-json\/wp\/v2\/pages\/237\/revisions\/2219"}],"up":[{"embeddable":true,"href":"https:\/\/fizyka.ujk.edu.pl\/index.php\/wp-json\/wp\/v2\/pages\/101"}],"wp:attachment":[{"href":"https:\/\/fizyka.ujk.edu.pl\/index.php\/wp-json\/wp\/v2\/media?parent=237"}],"curies":[{"name":"wp","href":"https:\/\/api.w.org\/{rel}","templated":true}]}}

<h2>Stypendia </h2>
<p>Świadczenia pomocy materialnej, o które może się ubiegać student Uniwersytetu Jana Kochanowskiego w Kielcach: </p>
<ol>
<li>Stypendium socjalne, </li>
<li>Stypendium specjalne dla osób z niepełnosprawnościami, </li>
<li>Stypendium rektora, </li>
<li>Stypendium ministra dla studentów,</li>
<li>Zapomogi.</li>
</ol>
<p style="color:#FF0000"><strong>Dodatkowe informacje, w tym aktualne uzgodnienia dotyczace wysokości stypendiów, można znaleźć na stronie Uniwersytetu Jana Kochanowskiego w dziale <a href="https://ujk.edu.pl/studenci/sprawy-socjalno-bytowe/stypendia/" target="_blank" rel="noopener">Studenci &gt; Sprawy socjalno-bytowe &gt; Stypendia Socjalne </a> </strong></p>

<p>Stypendia Świadczenia pomocy materialnej, o które może się ubiegać student Uniwersytetu Jana Kochanowskiego w Kielcach: Stypendium socjalne, Stypendium specjalne dla osób z niepełnosprawnościami, Stypendium rektora, Stypendium ministra dla studentów, Zapomogi. Dodatkowe informacje, w tym aktualne uzgodnienia dotyczace wysokości stypendiów, można znaleźć na stronie Uniwersytetu Jana Kochanowskiego w dziale Studenci &gt; Sprawy socjalno-bytowe &gt; Stypendia Socjalne</p>
