{"id":229,"date":"2021-09-21T14:59:22","date_gmt":"2021-09-21T12:59:22","guid":{"rendered":"https:\/\/fizyka.ujk.edu.pl\/nowa\/?page_id=229"},"modified":"2025-10-27T10:17:11","modified_gmt":"2025-10-27T09:17:11","slug":"konsultacje","status":"publish","type":"page","link":"https:\/\/fizyka.ujk.edu.pl\/index.php\/studenci\/konsultacje\/","title":{"rendered":"Konsultacje"},"content":{"rendered":"<p align=\"center\"><span style=\"font-family: Aptos, serif;\"><b>TERMINY KONSULTACJI DLA STUDENT\u00d3W SEMESTR ZIMOWY 2025\/2026<\/b><\/span><\/p>\n<table width=\"618\" cellspacing=\"0\" cellpadding=\"7\">\n<tbody>\n<tr valign=\"top\">\n<td bgcolor=\"#ffff99\" width=\"254\" height=\"22\">\n<p align=\"left\"><span style=\"font-family: Aptos, serif;\"><span style=\"font-size: small;\"><b>Prowadz\u0105cy zaj\u0119cia<\/b><\/span><\/span><\/p>\n<\/td>\n<td bgcolor=\"#ffff99\" width=\"198\">\n<p align=\"left\"><span style=\"font-family: Aptos, serif;\"><span style=\"font-size: small;\"><b>Termin konsultacji<\/b><\/span><\/span><\/p>\n<\/td>\n<td bgcolor=\"#ffff99\" width=\"124\">\n<p align=\"left\"><span style=\"font-family: Aptos, serif;\"><span style=\"font-size: small;\"><b>Miejsce<\/b><\/span><\/span><\/p>\n<\/td>\n<\/tr>\n<tr valign=\"top\">\n<td bgcolor=\"#cccccc\" width=\"254\" height=\"6\">\n<p align=\"left\"><span style=\"font-family: Aptos, serif;\"><span style=\"font-size: small;\">dr hab. Dariusz Bana\u015b, prof. UJK<\/span><\/span><\/p>\n<\/td>\n<td bgcolor=\"#cccccc\" width=\"198\">\n<p align=\"left\"><span style=\"font-family: Aptos, serif;\"><span style=\"font-size: small;\">Poniedzia\u0142ek: 13.30 \u2013 15.00<\/span><\/span><\/p>\n<\/td>\n<td bgcolor=\"#cccccc\" width=\"124\">\n<p align=\"left\"><span style=\"font-family: Aptos, serif;\"><span style=\"font-size: small;\">p. 104 D, Dziekanat<\/span><\/span><\/p>\n<\/td>\n<\/tr>\n<tr valign=\"top\">\n<td width=\"254\" height=\"5\">\n<p align=\"left\"><span style=\"font-family: Aptos, serif;\"><span style=\"font-size: small;\">dr Monika Biernacka<\/span><\/span><\/p>\n<\/td>\n<td width=\"198\">\n<p align=\"left\"><span style=\"font-family: Aptos, serif;\"><span style=\"font-size: small;\">\u015aroda: 11.30 \u2013 12.30<\/span><\/span><\/p>\n<\/td>\n<td width=\"124\">\n<p align=\"left\"><span style=\"font-family: Aptos, serif;\"><span style=\"font-size: small;\">p. 155<\/span><\/span><\/p>\n<\/td>\n<\/tr>\n<tr valign=\"top\">\n<td bgcolor=\"#cccccc\" width=\"254\" height=\"5\">\n<p align=\"left\"><span style=\"font-family: Aptos, serif;\"><span style=\"font-size: small;\">dr Andrzej D\u0105browski<\/span><\/span><\/p>\n<\/td>\n<td bgcolor=\"#cccccc\" width=\"198\">\n<p align=\"left\"><span style=\"font-family: Aptos, serif;\"><span style=\"font-size: small;\">Wtorek: 18.15-19.00<\/span><\/span><\/p>\n<\/td>\n<td bgcolor=\"#cccccc\" width=\"124\">\n<p align=\"left\"><span style=\"font-family: Aptos, serif;\"><span style=\"font-size: small;\">p. 53<\/span><\/span><\/p>\n<\/td>\n<\/tr>\n<tr valign=\"top\">\n<td width=\"254\" height=\"41\">\n<p align=\"left\"><span style=\"font-family: Aptos, serif;\"><span style=\"font-size: small;\">dr in\u017c. Janusz Fidelus<\/span><\/span><\/p>\n<\/td>\n<td width=\"198\">\n<p align=\"left\"><span style=\"font-family: Aptos, serif;\"><span style=\"font-size: small;\">Poniedzia\u0142ek: 10.30 \u2013 11.30<br \/>\npo uprzednim um\u00f3wieniu si\u0119<br \/>\n(e-mail) na spotkanie<\/span><\/span><\/p>\n<\/td>\n<td width=\"124\">\n<p align=\"left\"><span style=\"font-family: Aptos, serif;\"><span style=\"font-size: small;\">p. 303<\/span><\/span><\/p>\n<\/td>\n<\/tr>\n<tr valign=\"top\">\n<td bgcolor=\"#cccccc\" width=\"254\" height=\"41\">\n<p align=\"left\"><span style=\"font-family: Aptos, serif;\"><span style=\"font-size: small;\">prof. dr hab. Francesco Giacosa<\/span><\/span><\/p>\n<\/td>\n<td bgcolor=\"#cccccc\" width=\"198\">\n<p align=\"left\"><span style=\"font-family: Aptos, serif;\"><span style=\"font-size: small;\">Pi\u0105tek: 12.30 \u2013 13.30<br \/>\n(lub po uprzednim uzgodnieniu<br \/>\ne-mailowym)<\/span><\/span><\/p>\n<\/td>\n<td bgcolor=\"#cccccc\" width=\"124\">\n<p align=\"left\"><span style=\"font-family: Aptos, serif;\"><span style=\"font-size: small;\">p. 207<\/span><\/span><\/p>\n<\/td>\n<\/tr>\n<tr valign=\"top\">\n<td width=\"254\" height=\"5\">\n<p align=\"left\"><span style=\"font-family: Aptos, serif;\"><span style=\"font-size: small;\">prof. dr hab. Miros\u0142aw G\u0142owacki<\/span><\/span><\/p>\n<\/td>\n<td width=\"198\">\n<p align=\"left\"><span style=\"font-family: Aptos, serif;\"><span style=\"font-size: small;\">Czwartek:<b>\u00a0<\/b>8.30- 11.00<b><br \/>\n<\/b>po uprzednim uzgodnieniu<br \/>\ne-mailowym<\/span><\/span><\/p>\n<\/td>\n<td width=\"124\">\n<p align=\"left\"><span style=\"font-family: Aptos, serif;\"><span style=\"font-size: small;\">p. WG_A117<\/span><\/span><\/p>\n<\/td>\n<\/tr>\n<tr valign=\"top\">\n<td bgcolor=\"#cccccc\" width=\"254\" height=\"5\">\n<p align=\"left\"><span style=\"font-family: Aptos, serif;\"><span style=\"font-size: small;\">dr \u0141ukasz Jab\u0142o\u0144ski<\/span><\/span><\/p>\n<\/td>\n<td bgcolor=\"#cccccc\" width=\"198\">\n<p align=\"left\"><span style=\"font-family: Aptos, serif;\"><span style=\"font-size: small;\">Wtorek, 11:30 &#8211; 12:30<\/span><\/span><\/p>\n<\/td>\n<td bgcolor=\"#cccccc\" width=\"124\">\n<p align=\"left\"><span style=\"font-family: Aptos, serif;\"><span style=\"font-size: small;\">p. 308<\/span><\/span><\/p>\n<\/td>\n<\/tr>\n<tr valign=\"top\">\n<td width=\"254\" height=\"5\">\n<p align=\"left\"><span style=\"font-family: Aptos, serif;\"><span style=\"font-size: small;\">dr in\u017c. Pawe\u0142 Jagodzi\u0144ski<\/span><\/span><\/p>\n<\/td>\n<td width=\"198\">\n<p align=\"left\"><span style=\"font-family: Aptos, serif;\"><span style=\"font-size: small;\">Czwartek, 10.00 \u2013 11.00 <\/span><\/span><\/p>\n<\/td>\n<td width=\"124\">\n<p align=\"left\"><span style=\"font-family: Aptos, serif;\"><span style=\"font-size: small;\">p. 10, budynek D<\/span><\/span><\/p>\n<\/td>\n<\/tr>\n<tr valign=\"top\">\n<td bgcolor=\"#cccccc\" width=\"254\" height=\"5\">\n<p align=\"left\"><span style=\"font-family: Aptos, serif;\"><span style=\"font-size: small;\">dr hab. Pawe\u0142 Kankiewicz, prof. UJK<\/span><\/span><\/p>\n<\/td>\n<td bgcolor=\"#cccccc\" width=\"198\">\n<p align=\"left\"><span style=\"font-family: Aptos, serif;\"><span style=\"font-size: small;\">Wtorek,\u00a017.00 \u2013 18.30<span style=\"color: #000000;\"><span style=\"font-size: medium;\">\u00a0<\/span><\/span><\/span><\/span><\/p>\n<\/td>\n<td bgcolor=\"#cccccc\" width=\"124\">\n<p align=\"left\"><span style=\"font-family: Aptos, serif;\"><span style=\"font-size: small;\">p. 154<\/span><\/span><\/p>\n<\/td>\n<\/tr>\n<tr valign=\"top\">\n<td width=\"254\" height=\"5\">\n<p align=\"left\"><span style=\"font-family: Aptos, serif;\"><span style=\"font-size: small;\">prof. dr hab. Tadeusz Koszto\u0142owicz<\/span><\/span><\/p>\n<\/td>\n<td width=\"198\">\n<p align=\"left\"><span style=\"font-family: Aptos, serif;\"><span style=\"font-size: small;\">Po uprzednim uzgodnieniu<\/span><\/span><\/p>\n<\/td>\n<td width=\"124\">\n<p align=\"left\"><span style=\"font-family: Aptos, serif;\"><span style=\"font-size: small;\">p. 257<\/span><\/span><\/p>\n<\/td>\n<\/tr>\n<tr valign=\"top\">\n<td bgcolor=\"#cccccc\" width=\"254\" height=\"5\">\n<p align=\"left\"><span style=\"font-family: Aptos, serif;\"><span style=\"font-size: small;\">dr Janusz Krywult<\/span><\/span><\/p>\n<\/td>\n<td bgcolor=\"#cccccc\" width=\"198\">\n<p align=\"left\">Czwartek 11:00-11:45,<\/p>\n<\/td>\n<td bgcolor=\"#cccccc\" width=\"124\">\n<p align=\"left\"><span style=\"font-family: Aptos, serif;\"><span style=\"font-size: small;\">p. 156<\/span><\/span><\/p>\n<\/td>\n<\/tr>\n<tr valign=\"top\">\n<td width=\"254\" height=\"22\">\n<p align=\"left\"><span style=\"font-family: Aptos, serif;\"><span style=\"font-size: small;\">dr hab. Aldona Kubala-Kuku\u015b, prof. UJK<\/span><\/span><\/p>\n<\/td>\n<td width=\"198\">\n<p align=\"left\"><span style=\"font-family: Aptos, serif;\"><span style=\"font-size: small;\">Wtorek 9.30 \u2013 10.15<\/span><\/span><\/p>\n<\/td>\n<td width=\"124\">\n<p align=\"left\"><span style=\"font-family: Aptos, serif;\"><span style=\"font-size: small;\">p. 11, <\/span><\/span><\/p>\n<p align=\"left\"><span style=\"font-family: Aptos, serif;\"><span style=\"font-size: small;\">budynek D<\/span><\/span><\/p>\n<\/td>\n<\/tr>\n<tr valign=\"top\">\n<td bgcolor=\"#cccccc\" width=\"254\" height=\"5\">\n<p align=\"left\"><span style=\"font-family: Aptos, serif;\"><span style=\"font-size: small;\">dr Arkadiusz Kuro\u015b<\/span><\/span><\/p>\n<\/td>\n<td bgcolor=\"#cccccc\" width=\"198\">\n<p align=\"left\"><span style=\"font-family: Aptos, serif;\"><span style=\"font-size: small;\">Czwartek: 8.15 \u2013 9.45 <\/span><\/span><\/p>\n<\/td>\n<td bgcolor=\"#cccccc\" width=\"124\">\n<p align=\"left\"><span style=\"font-family: Aptos, serif;\"><span style=\"font-size: small;\">p. 248<\/span><\/span><\/p>\n<\/td>\n<\/tr>\n<tr valign=\"top\">\n<td width=\"254\" height=\"5\">\n<p align=\"left\"><span style=\"font-family: Aptos, serif;\"><span style=\"font-size: small;\">mgr Tomasz Kuszewski<\/span><\/span><\/p>\n<\/td>\n<td width=\"198\">\n<p align=\"left\"><span style=\"font-family: Aptos, serif;\"><span style=\"font-size: small;\">Brak godzin dydaktycznych<br \/>\nw sem. letnim, po uprzednim uzgodnieniu<\/span><\/span><\/p>\n<\/td>\n<td width=\"124\">\n<p align=\"left\"><span style=\"font-family: Aptos, serif;\"><span style=\"font-size: small;\">p. C112<\/span><\/span><\/p>\n<\/td>\n<\/tr>\n<tr valign=\"top\">\n<td bgcolor=\"#cccccc\" width=\"254\" height=\"5\">\n<p align=\"left\"><span style=\"font-family: Aptos, serif;\"><span style=\"font-size: small;\">mgr in\u017c. Agnieszka \u0141ysak<\/span><\/span><\/p>\n<\/td>\n<td bgcolor=\"#cccccc\" width=\"198\">\n<p align=\"left\"><span style=\"font-family: Aptos, serif;\"><span style=\"font-size: small;\">Wtorek, 13.30 \u2013 14.00<\/span><\/span><\/p>\n<\/td>\n<td bgcolor=\"#cccccc\" width=\"124\">\n<p align=\"left\"><span style=\"font-family: Aptos, serif;\"><span style=\"font-size: small;\">p. A118<\/span><\/span><\/p>\n<\/td>\n<\/tr>\n<tr>\n<td valign=\"top\" width=\"254\" height=\"5\">\n<p align=\"left\"><span style=\"font-family: Aptos, serif;\"><span style=\"font-size: small;\">dr Rados\u0142aw Maj<\/span><\/span><\/p>\n<\/td>\n<td width=\"198\">\n<p align=\"left\"><span style=\"font-family: Aptos, serif;\"><span style=\"font-size: small;\">\u015aroda 12.00-12.30, po uprzednim uzgodnieniu<\/span><\/span><\/p>\n<\/td>\n<td valign=\"top\" width=\"124\">\n<p align=\"left\"><span style=\"font-family: Aptos, serif;\"><span style=\"font-size: small;\">p. 257<\/span><\/span><\/p>\n<\/td>\n<\/tr>\n<tr>\n<td valign=\"top\" bgcolor=\"#cccccc\" width=\"254\" height=\"5\">\n<p align=\"left\"><span style=\"font-family: Aptos, serif;\"><span style=\"font-size: small;\">prof. dr hab. Marek Pajek<\/span><\/span><\/p>\n<\/td>\n<td bgcolor=\"#cccccc\" width=\"198\">\n<p align=\"left\"><span style=\"font-family: Aptos, serif;\"><span style=\"font-size: small;\">\u015aroda godz. 10.15 \u2013 11.00<\/span><\/span><\/p>\n<\/td>\n<td valign=\"top\" bgcolor=\"#cccccc\" width=\"124\">\n<p align=\"left\"><span style=\"font-family: Aptos, serif;\"><span style=\"font-size: small;\">p. 354<\/span><\/span><\/p>\n<\/td>\n<\/tr>\n<tr valign=\"top\">\n<td width=\"254\" height=\"4\">\n<p align=\"left\"><span style=\"font-family: Aptos, serif;\"><span style=\"font-size: small;\">mgr Dariusz Pasieka<\/span><\/span><\/p>\n<\/td>\n<td width=\"198\">\n<p align=\"left\"><span style=\"font-family: Aptos, serif;\"><span style=\"font-size: small;\">Wtorek, 12.00-13.00<\/span><\/span><\/p>\n<\/td>\n<td width=\"124\">\n<p align=\"left\"><span style=\"font-family: Aptos, serif;\"><span style=\"font-size: small;\">p. G_A116<\/span><\/span><\/p>\n<\/td>\n<\/tr>\n<tr>\n<td valign=\"top\" bgcolor=\"#cccccc\" width=\"254\" height=\"5\">\n<p align=\"left\"><span style=\"font-family: Aptos, serif;\"><span style=\"font-size: small;\">dr in\u017c. Milena Piotrowska<\/span><\/span><\/p>\n<\/td>\n<td bgcolor=\"#cccccc\" width=\"198\">\n<p align=\"left\"><span style=\"font-family: Aptos, serif;\"><span style=\"font-size: small;\">Poniedzia\u0142ek:14.30 \u2013 15.30 <\/span><\/span><\/p>\n<\/td>\n<td valign=\"top\" bgcolor=\"#cccccc\" width=\"124\">\n<p align=\"left\"><span style=\"font-family: Aptos, serif;\"><span style=\"font-size: small;\">p. 52<\/span><\/span><\/p>\n<\/td>\n<\/tr>\n<tr valign=\"top\">\n<td width=\"254\" height=\"23\">\n<p align=\"left\"><span style=\"font-family: Aptos, serif;\"><span style=\"font-size: small;\">dr hab. Rafa\u0142 Porowski, prof. UJK<\/span><\/span><\/p>\n<\/td>\n<td width=\"198\">\n<p align=\"left\"><span style=\"font-family: Aptos, serif;\"><span style=\"font-size: small;\">\u015aroda: 15.00 \u2013 17.00<\/span><\/span><\/p>\n<\/td>\n<td width=\"124\">\n<p align=\"left\">\u00a0<span style=\"font-family: Aptos, serif;\"><span style=\"font-size: small;\">p.\u00a0A109<\/span><\/span><\/p>\n<p align=\"left\"><span style=\"font-family: Aptos, serif;\"><span style=\"font-size: small;\">(budynek G)<\/span><\/span><\/p>\n<\/td>\n<\/tr>\n<tr valign=\"top\">\n<td bgcolor=\"#cccccc\" width=\"254\" height=\"5\">\n<p align=\"left\"><span style=\"font-family: Aptos, serif;\"><span style=\"font-size: small;\">dr Martin Rohrmoser<\/span><\/span><\/p>\n<\/td>\n<td bgcolor=\"#cccccc\" width=\"198\">\n<p align=\"left\"><span style=\"font-family: Aptos, serif;\"><span style=\"font-size: small;\">\u015aroda, 11.00 \u2013 12.00<\/span><\/span><\/p>\n<\/td>\n<td bgcolor=\"#cccccc\" width=\"124\">\n<p align=\"left\"><span style=\"font-family: Aptos, serif;\"><span style=\"font-size: small;\">p. 209<\/span><\/span><\/p>\n<\/td>\n<\/tr>\n<tr valign=\"top\">\n<td width=\"254\" height=\"5\">\n<p align=\"left\"><span style=\"font-family: Aptos, serif;\"><span style=\"font-size: small;\">dr Tomasz Ru\u015b\u0107<\/span><\/span><\/p>\n<\/td>\n<td width=\"198\">\n<p align=\"left\"><span style=\"font-family: Aptos, serif;\"><span style=\"font-size: small;\">Wtorek: 11.00-11.45<\/span><\/span><\/p>\n<\/td>\n<td width=\"124\">\n<p align=\"left\"><span style=\"font-family: Aptos, serif;\"><span style=\"font-size: small;\">p. A04<\/span><\/span><\/p>\n<\/td>\n<\/tr>\n<tr valign=\"top\">\n<td bgcolor=\"#cccccc\" width=\"254\" height=\"5\">\n<p align=\"left\"><span style=\"font-family: Aptos, serif;\"><span style=\"font-size: small;\">prof. dr hab. Maciej Rybczy\u0144ski<\/span><\/span><\/p>\n<\/td>\n<td bgcolor=\"#cccccc\" width=\"198\">\n<p align=\"left\"><span style=\"font-family: Aptos, serif;\"><span style=\"font-size: small;\">Wtorek: 14.45 \u2013 16.00\u00a0\u00a0<\/span><\/span><\/p>\n<\/td>\n<td bgcolor=\"#cccccc\" width=\"124\">\n<p align=\"left\"><span style=\"font-family: Aptos, serif;\"><span style=\"font-size: small;\">p.\u00a0306A<\/span><\/span><\/p>\n<\/td>\n<\/tr>\n<tr valign=\"top\">\n<td width=\"254\" height=\"5\">\n<p align=\"left\"><span style=\"font-family: Aptos, serif;\"><span style=\"font-size: small;\">prof. dr hab. Jacek Semaniak<\/span><\/span><\/p>\n<\/td>\n<td width=\"198\">\n<p align=\"left\"><span style=\"font-family: Aptos, serif;\"><span style=\"font-size: small;\">po uprzednim uzgodnieniu<\/span><\/span><\/p>\n<\/td>\n<td width=\"124\">\n<p align=\"left\"><span style=\"font-family: Aptos, serif;\"><span style=\"font-size: small;\">p. 353<\/span><\/span><\/p>\n<\/td>\n<\/tr>\n<tr>\n<td valign=\"top\" bgcolor=\"#cccccc\" width=\"254\" height=\"4\">\n<p align=\"left\"><span style=\"font-family: Aptos, serif;\"><span style=\"font-size: small;\">dr Ilona Stabrawa<\/span><\/span><\/p>\n<\/td>\n<td bgcolor=\"#cccccc\" width=\"198\">\n<p align=\"left\"><span style=\"font-family: Aptos, serif;\"><span style=\"font-size: small;\">Poniedzia\u0142ek: 10.00 \u2013 11.00<\/span><\/span><\/p>\n<\/td>\n<td valign=\"top\" bgcolor=\"#cccccc\" width=\"124\">\n<p align=\"left\"><span style=\"font-family: Aptos, serif;\"><span style=\"font-size: small;\">p. D06<\/span><\/span><\/p>\n<\/td>\n<\/tr>\n<tr valign=\"top\">\n<td width=\"254\" height=\"5\">\n<p align=\"left\"><span style=\"font-family: Aptos, serif;\"><span style=\"font-size: small;\">dr Regina Stachura<\/span><\/span><\/p>\n<\/td>\n<td width=\"198\">\n<p align=\"left\"><span style=\"font-family: Aptos, serif;\"><span style=\"font-size: small;\">\u015aroda, 12.30 \u2013 13.15<\/span><\/span><\/p>\n<\/td>\n<td width=\"124\">\n<p align=\"left\"><span style=\"font-family: Aptos, serif;\"><span style=\"font-size: small;\">p. D06<\/span><\/span><\/p>\n<\/td>\n<\/tr>\n<tr valign=\"top\">\n<td bgcolor=\"#cccccc\" width=\"254\" height=\"5\">\n<p align=\"left\"><span style=\"font-family: Aptos, serif;\"><span style=\"font-size: small;\">dr hab. Grzegorz Stefanek, prof. UJK<\/span><\/span><\/p>\n<\/td>\n<td bgcolor=\"#cccccc\" width=\"198\">\n<p align=\"left\"><span style=\"font-family: Aptos, serif;\"><span style=\"font-size: small;\">Wtorek: 10.00 \u2013 11.00<\/span><\/span><\/p>\n<\/td>\n<td bgcolor=\"#cccccc\" width=\"124\">\n<p align=\"left\"><span style=\"font-family: Aptos, serif;\"><span style=\"font-size: small;\">p. 352<\/span><\/span><\/p>\n<\/td>\n<\/tr>\n<tr valign=\"top\">\n<td width=\"254\" height=\"5\">\n<p align=\"left\"><span style=\"font-family: Aptos, serif;\"><span style=\"font-size: small;\">Dr in\u017c. Przemys\u0142aw \u015alusarczyk<\/span><\/span><\/p>\n<\/td>\n<td width=\"198\">\n<p align=\"left\"><span style=\"font-family: Aptos, serif;\"><span style=\"font-size: small;\">Wtorek: 15.15 \u2013 16.00 <\/span><\/span><\/p>\n<\/td>\n<td width=\"124\">\n<p align=\"left\"><span style=\"font-family: Aptos, serif;\"><span style=\"font-size: small;\">p. A5<\/span><\/span><\/p>\n<\/td>\n<\/tr>\n<tr valign=\"top\">\n<td bgcolor=\"#cccccc\" width=\"254\" height=\"7\">\n<p align=\"left\"><span style=\"font-family: Aptos, serif;\"><span style=\"font-size: small;\">dr S\u0142awomir W\u0105sik<\/span><\/span><\/p>\n<\/td>\n<td bgcolor=\"#cccccc\" width=\"198\">\n<p align=\"left\"><span style=\"font-family: Aptos, serif;\"><span style=\"font-size: small;\">po uprzednim uzgodnieniu<\/span><\/span><\/p>\n<\/td>\n<td bgcolor=\"#cccccc\" width=\"124\">\n<p align=\"left\"><span style=\"font-family: Aptos, serif;\"><span style=\"font-size: small;\">p. 5<\/span><\/span><\/p>\n<\/td>\n<\/tr>\n<tr valign=\"top\">\n<td width=\"254\" height=\"22\">\n<p align=\"left\"><span style=\"font-family: Aptos, serif;\"><span style=\"font-size: small;\">prof. dr hab. Zbigniew W\u0142odarczyk<\/span><\/span><\/p>\n<\/td>\n<td width=\"198\">\n<p align=\"left\">Poniedzialek 10-11<br \/>\nSroda 10-11<\/p>\n<\/td>\n<td width=\"124\">\n<p align=\"left\"><span style=\"font-family: Aptos, serif;\"><span style=\"font-size: small;\">p. 304<\/span><\/span><\/p>\n<\/td>\n<\/tr>\n<tr valign=\"top\">\n<td bgcolor=\"#cccccc\" width=\"254\" height=\"5\">\n<p align=\"left\"><span style=\"font-family: Aptos, serif;\"><span style=\"font-size: small;\">mgr in\u017c. Katarzyna Wnuk<\/span><\/span><\/p>\n<\/td>\n<td bgcolor=\"#cccccc\" width=\"198\">\n<p align=\"left\"><span style=\"font-family: Aptos, serif;\"><span style=\"font-size: small;\">\u015aroda: 18.30 \u2013 19.00,<br \/>\npo uprzednim uzgodnieniu<br \/>\ne-mailowym<\/span><\/span><\/p>\n<\/td>\n<td bgcolor=\"#cccccc\" width=\"124\">\n<p align=\"left\"><span style=\"font-family: Aptos, serif;\"><span style=\"font-size: small;\">p. 53<\/span><\/span><\/p>\n<\/td>\n<\/tr>\n<tr valign=\"top\">\n<td width=\"254\" height=\"23\">\n<p align=\"left\"><span style=\"font-family: Aptos, serif;\"><span style=\"font-size: small;\">dr Ma\u0142gorzata Wysocka-Kunisz<\/span><\/span><\/p>\n<\/td>\n<td width=\"198\">\n<p align=\"left\">Poniedzia\u0142ek, 13:00 &#8211; 15.00<\/p>\n<\/td>\n<td width=\"124\">\n<p align=\"left\"><span style=\"font-family: Aptos, serif;\"><span style=\"font-size: small;\">p. 103 D, Dziekanat<\/span><\/span><\/p>\n<\/td>\n<\/tr>\n<tr valign=\"top\">\n<td bgcolor=\"#cccccc\" width=\"254\" height=\"40\">\n<p align=\"left\"><span style=\"font-family: Aptos, serif;\"><span style=\"font-size: small;\">dr. Ma\u0142gorzata \u017babi\u0144ska-Rakoczy<\/span><\/span><\/p>\n<\/td>\n<td bgcolor=\"#cccccc\" width=\"198\">\n<p align=\"left\"><span style=\"font-family: Aptos, serif;\"><span style=\"font-size: small;\">Pi\u0105tek: 8.00 \u2013 9.00, (po\u00a0uprzednim\u00a0uzgodnieniu\u00a0<\/span><\/span><\/p>\n<p align=\"left\"><span style=\"font-family: Aptos, serif;\"><span style=\"font-size: small;\">przez\u00a0e-mail)<\/span><\/span><\/p>\n<\/td>\n<td bgcolor=\"#cccccc\" width=\"124\">\n<p align=\"left\"><span style=\"font-family: Aptos, serif;\"><span style=\"font-size: small;\">Teams<\/span><\/span><\/p>\n<\/td>\n<\/tr>\n<\/tbody>\n<\/table>\n","protected":false},"excerpt":{"rendered":"<p>TERMINY KONSULTACJI DLA STUDENT\u00d3W SEMESTR ZIMOWY 2025\/2026 Prowadz\u0105cy zaj\u0119cia Termin konsultacji Miejsce dr hab. Dariusz Bana\u015b, prof. UJK Poniedzia\u0142ek: 13.30 \u2013 15.00 p. 104 D, Dziekanat dr Monika Biernacka \u015aroda: 11.30 \u2013 12.30 p. 155 dr Andrzej D\u0105browski Wtorek: 18.15-19.00 p. 53 dr in\u017c. Janusz Fidelus Poniedzia\u0142ek: 10.30 \u2013 11.30 po uprzednim um\u00f3wieniu si\u0119 (e-mail) [&hellip;]<\/p>\n","protected":false},"author":1,"featured_media":0,"parent":101,"menu_order":0,"comment_status":"closed","ping_status":"closed","template":"","meta":{"footnotes":""},"class_list":["post-229","page","type-page","status-publish","hentry"],"_links":{"self":[{"href":"https:\/\/fizyka.ujk.edu.pl\/index.php\/wp-json\/wp\/v2\/pages\/229","targetHints":{"allow":["GET"]}}],"collection":[{"href":"https:\/\/fizyka.ujk.edu.pl\/index.php\/wp-json\/wp\/v2\/pages"}],"about":[{"href":"https:\/\/fizyka.ujk.edu.pl\/index.php\/wp-json\/wp\/v2\/types\/page"}],"author":[{"embeddable":true,"href":"https:\/\/fizyka.ujk.edu.pl\/index.php\/wp-json\/wp\/v2\/users\/1"}],"replies":[{"embeddable":true,"href":"https:\/\/fizyka.ujk.edu.pl\/index.php\/wp-json\/wp\/v2\/comments?post=229"}],"version-history":[{"count":25,"href":"https:\/\/fizyka.ujk.edu.pl\/index.php\/wp-json\/wp\/v2\/pages\/229\/revisions"}],"predecessor-version":[{"id":2192,"href":"https:\/\/fizyka.ujk.edu.pl\/index.php\/wp-json\/wp\/v2\/pages\/229\/revisions\/2192"}],"up":[{"embeddable":true,"href":"https:\/\/fizyka.ujk.edu.pl\/index.php\/wp-json\/wp\/v2\/pages\/101"}],"wp:attachment":[{"href":"https:\/\/fizyka.ujk.edu.pl\/index.php\/wp-json\/wp\/v2\/media?parent=229"}],"curies":[{"name":"wp","href":"https:\/\/api.w.org\/{rel}","templated":true}]}}