{"id":217,"date":"2021-09-21T14:53:57","date_gmt":"2021-09-21T12:53:57","guid":{"rendered":"https:\/\/fizyka.ujk.edu.pl\/nowa\/?page_id=217"},"modified":"2026-02-24T09:07:06","modified_gmt":"2026-02-24T08:07:06","slug":"egzamin-dyplomowy","status":"publish","type":"page","link":"https:\/\/fizyka.ujk.edu.pl\/index.php\/studia\/egzamin-dyplomowy\/","title":{"rendered":"Egzamin dyplomowy"},"content":{"rendered":"<h2>Egzamin dyplomowy<\/h2>\n<h3>Regulamin Dyplomowania<\/h3>\n<p> <a href=\"https:\/\/fizyka.ujk.edu.pl\/files\/education\/Za\u0142._3_regulamin_IF_2024_25.pdf\" target=\"_blank\" rel=\"noopener\">Regulamin dyplomowania w Instytucie Fizyki<\/a><br \/>\n<a href=\"https:\/\/fizyka.ujk.edu.pl\/files\/education\/Za\u0142._3a_zalecenia dotycz\u0105ce pisania prac dyplomowych w IF_6_01_2026.pdf\" target=\"_blank\" rel=\"noopener\">Zalecenia dotycz\u0105ce pisania prac dyplomowych w Instytucie Fizyki<\/a><\/p>\n<h3>Biblioteka<\/h3>\n<p> <a href=\"https:\/\/fizyka.ujk.edu.pl\/files\/education\/bibliotek strona IF.docx\" target=\"_blank\" rel=\"noopener\">Wsparcie biblioteczne dla student\u00f3w przygotowuj\u0105cych prace dyplomowe<\/a><\/p>\n<h3>Zagadnienia do egzaminu dyplomowego na kierunku Fizyka II stopnia:<\/h3>\n<ol>\n<li>Ruch, powszechno\u015b\u0107 i wzgl\u0119dno\u015b\u0107 ruchu. Uk\u0142ady inercjalne i nieinercjalne. Ruch w polu si\u0142 centralnych, precesja, nutacja.<\/li>\n<li>Transformacja Galileusza, a transformacja Lorentza, efekty relatywistyczne, masa i energia.<\/li>\n<li>Zwi\u0105zek pomi\u0119dzy prawami symetrii, a zasady zachowania w fizyce.<\/li>\n<li>Rodzaje oddzia\u0142ywa\u0144 fundamentalnych w mikro- i makro\u015bwiecie, no\u015bniki i zasi\u0119g oddzia\u0142ywa\u0144.<\/li>\n<li>Zasady dynamiki Newtona i granice ich stosowalno\u015bci. Nierelatywistyczna mechanika klasyczna, a relatywistyczna mechanika klasyczna.<\/li>\n<li>Makroskopowe w\u0142asno\u015bci materii a jej budowa mikroskopowa. Model oscylatora harmonicznego i jego zastosowanie w opisie przyrody, ruch drgaj\u0105cy, mikroskopowe modele cia\u0142 makroskopowych o r\u00f3\u017cnorodnych w\u0142asno\u015bciach mechanicznych, elektrycznych, magnetycznych, optycznych.<\/li>\n<li>Pola skalarne i wektorowe a r\u00f3wnania Maxwella. Opis pola elektromagnetycznego w pr\u00f3\u017cni i o\u015brodkach materialnych.<\/li>\n<li>Pole elektryczne w o\u015brodkach materialnych. Polaryzacja dielektryczna, ruchliwo\u015b\u0107 no\u015bnik\u00f3w \u0142adunku.<\/li>\n<li>Pole magnetyczne w o\u015brodkach materialnych. Klasyfikacja materia\u0142\u00f3w magnetycznych.<\/li>\n<li>Podstawy fizyczne zjawiska Halla i jego zastosowania praktyczne. Kwantowy efekt Halla.<\/li>\n<li>Fale elektromagnetyczne, wektor Poyntinga, efekt Dopplera. Zjawiska polaryzacji, odbicia i za\u0142amania fal.<\/li>\n<li>Zjawisko dyfrakcji i interferencji. Dyfrakcja promieniowania na kryszta\u0142ach. Krzywa odbicia kryszta\u0142u.<\/li>\n<li>Podobie\u0144stwa i r\u00f3\u017cnice mi\u0119dzy falami mechanicznymi, elektromagnetycznymi i falami materii.<\/li>\n<li>Procesy termodynamiczne, ich przyczyny i skutki, procesy odwracalne i nieodwracalne, statystyczny charakter makroskopowych prawid\u0142owo\u015bci w przyrodzie.<\/li>\n<li>Transport energii, konwekcja, przewodnictwo cieplne, przewodnictwo elektryczne.<\/li>\n<li>Kinetyczno-molekularny model gazu doskona\u0142ego. Rozk\u0142ad Maxwella-Boltzmanna.<\/li>\n<li>Oddzia\u0142ywanie promieniowania elektromagnetycznego z atomami. Emisja wymuszona, emisja spontaniczna, absorpcja promieniowania elektromagnetycznego.<\/li>\n<li>Jedno\u015b\u0107 mikro- i makro\u015bwiata, fale materii, dowody eksperymentalne falowych cech cz\u0105stek elementarnych, dualizm korpuskularno\u2013falowy, pomiar makroskopowy w fizyce a pomiary w mikro\u015bwiecie kwantowym, niepewno\u015bci pomiarowe a zasada nieoznaczono\u015bci.<\/li>\n<li>R\u00f3wnanie Schr\u00f6dingera. Modele atomu, atom wodoru w teorii Bohra i Schr\u00f6dingera, liczby kwantowe.<\/li>\n<li>Oddzia\u0142ywanie atom\u00f3w z polami: elektrycznym i magnetycznym. Zjawisko Starka, zjawisko Zeemana.<\/li>\n<li>Energia, przegl\u0105d poznanych form energii, r\u00f3wnowa\u017cno\u015b\u0107 masy i energii, przemiany energii.<\/li>\n<li>Cz\u0105stki elementarne i ich klasyfikacja.<\/li>\n<li>Struktura pasmowa cia\u0142 sta\u0142ych: metali, p\u00f3\u0142przewodnik\u00f3w, izolator\u00f3w.<\/li>\n<li>Kwantowy model \u015bwiat\u0142a, zjawisko fotoelektryczne i jego zastosowania.<\/li>\n<li>Struktura j\u0105der atomowych i reakcje j\u0105drowe. Energia wi\u0105zania j\u0105dra atomowego. Reakcja rozszczepienia i syntezy j\u0105der. Rozpady alfa i beta, szeregi promieniotw\u00f3rcze.<\/li>\n<\/ol>\n<h3>Zagadnienia do egzaminu dyplomowego na kierunku Fizyka techniczna<\/h3>\n<ol>\n<li>Poj\u0119cie ruchu, opis, rodzaje, relacja si\u0142a ruch<\/li>\n<li>Zasady dynamiki Newtona<\/li>\n<li>Rodzaje energii i jej zastosowanie<\/li>\n<li>Ruch obrotowy bry\u0142y sztywnej<\/li>\n<li>Drgania mechaniczne \u2013 opis, w\u0142asno\u015bci, przyk\u0142ady<\/li>\n<li>W\u0142asno\u015bci pola grawitacyjnego<\/li>\n<li>Prawo Coulomba<\/li>\n<li>Prawo Gaussa<\/li>\n<li>Dielektryk w polu elektrycznym<\/li>\n<li>Prawa przep\u0142ywu pr\u0105du elektrycznego<\/li>\n<li>Prawo Ampera<\/li>\n<li>Indukcja i indukcyjno\u015b\u0107<\/li>\n<li>Pr\u0105d zmienny<\/li>\n<li>R\u00f3wnania Maxwella<\/li>\n<li>Prawa optyki geometrycznej<\/li>\n<li>Zachowanie fali \u015bwietlnej na granicy dw\u00f3ch o\u015brodk\u00f3w<\/li>\n<li>Polaryacja \u015bwiat\u0142a<\/li>\n<li>Dyfrakcja i interferencja \u015bwiat\u0142a<\/li>\n<li>Dyspersja wsp\u00f3\u0142czynnika za\u0142amania \u015bwiat\u0142a<\/li>\n<li>R\u00f3wnanie Schrodingera<\/li>\n<li>Prawa zachowania a w\u0142asno\u015b\u0107i czasoprzestrzeni<\/li>\n<li>Prawa Keplera<\/li>\n<li>Zasady termodynamiki<\/li>\n<li>Definicja entropii<\/li>\n<\/ol>\n<h3>Zagadnienia do egzaminu dyplomowego na kierunku Informatyka:<\/h3>\n<ol>\n<li>Reprezentacja danych w systemach komputerowych<\/li>\n<li>Maszyna von Neumanna oraz jej modyfikacje (architektura Harvard)<\/li>\n<li>Og\u00f3lna budowa procesora &#8211; cykl rozkazowy<\/li>\n<li>Mechanizm funkcjonowania systemu przerwa\u0144 komputera<\/li>\n<li>Organizacja wsp\u00f3\u0142czesnych procesor\u00f3w &#8211; architektury potokowe, superpotokowe i superskalarne<\/li>\n<li>Metody adresowania i wykorzystanie ich w rozkazach<\/li>\n<li>Instrukcje steruj\u0105ce j\u0119zyka<\/li>\n<li>Sposoby przekazywania argument\u00f3w do funkcji wyst\u0119puj\u0105ce w j\u0119zyku C<\/li>\n<li>Podstawowe klasy z\u0142o\u017cono\u015bci problem\u00f3w<\/li>\n<li>Poj\u0119cie rekurencji. Rekurencyjne podprogramy i struktury danych<\/li>\n<li>Stos i jego zastosowania<\/li>\n<li>Z\u0142o\u017cono\u015b\u0107 obliczeniowa algorytm\u00f3w sortowania<\/li>\n<li>Identyfikacja komputer\u00f3w w sieci<\/li>\n<li>Modele warstwowe OSI i TCP\/IP<\/li>\n<li>Podstawowe urz\u0105dzenia sieciowe: karta sieciowa, modem, koncentrator, prze\u0142\u0105cznik i ruter<\/li>\n<li>Por\u00f3wnanie protoko\u0142\u00f3w wyboru trasy<b><\/b><\/li>\n<li>Transakcja i jej w\u0142asno\u015bci<\/li>\n<li>Poj\u0119cie klucza w bazach danych<\/li>\n<li>Rodzaje paradygmat\u00f3w programowania na przyk\u0142adzie wybranych j\u0119zyk\u00f3w<\/li>\n<li>Koncepcja procesu w systemie operacyjnym<\/li>\n<li>Zarz\u0105dzanie procesami i w\u0105tkami &#8211; algorytmy przydzia\u0142u procesora<\/li>\n<li>Zarz\u0105dzanie pami\u0119ci\u0105 operacyjn\u0105<\/li>\n<li>Zarz\u0105dzanie plikami w systemach operacyjnych<\/li>\n<li>Algebra Boole&#8217;a &#8211; funkcje i wyra\u017cenia boolowskie<\/li>\n<li>Elementarne uk\u0142ady logiczne &#8211; bramki, przerzutniki<\/li>\n<li>Metody syntezy uk\u0142ad\u00f3w kombinacyjnych<\/li>\n<li>Metody syntezy uk\u0142ad\u00f3w sekwencyjnych i synchronicznych<\/li>\n<li>Zasady tworzenia podpisu cyfrowego<\/li>\n<li>Szyfrowanie symetryczne i asymetryczne<\/li>\n<li>Uwierzytelnianie i autoryzacja<\/li>\n<li>Etapy\/fazy cyklu \u017cycia oprogramowania, ich wyniki (artefakty)<\/li>\n<li>Por\u00f3wnianie wybranych (co najmniej dw\u00f3ch) modeli procesu wytw\u00f3rczego oprogramowania (zasada, zalety, wady, zastosowania)<\/li>\n<li>Wymagania przy tworzeniu system\u00f3w informatycznych: rodzaje, sposoby ich prezentacji<\/li>\n<li>Podej\u015bcie strukturalne do analizy i projektowania system\u00f3w informatycznych &#8211; kr\u00f3tka charakterystyka<\/li>\n<li>Podej\u015bcie obiektowe do analizy i projektowania system\u00f3w infromatycznych &#8211; kr\u00f3tka charakterystyka<\/li>\n<li>Diagramy w UML-u (Unified Modeling Language) rodzaje i zastosowanie<\/li>\n<li>Poj\u0119cie ruchu, opis, rodzaje, relacja si\u0142a ruch.<\/li>\n<li>Zasady dynamiki Newtona.<\/li>\n<li>Rodzaje energii. Poj\u0119cie pracy w mechanice, termodynamice i elektryczno\u015bci.<\/li>\n<li>Drgania mechaniczne \u2013 opis, w\u0142asno\u015bci, przyk\u0142ady.<\/li>\n<li>Prawa obwod\u00f3w elektrycznych (prawo Ohma, prawa Kirchoffa).<\/li>\n<li>R\u00f3wnania Maxwella.<\/li>\n<li>Zachowanie fali \u015bwietlnej na granicy dw\u00f3ch o\u015brodk\u00f3w.<\/li>\n<li>Falowa natura \u015bwiat\u0142a.<\/li>\n<li>Kinetyczna teoria gaz\u00f3w.<\/li>\n<li>Zasady termodynamiki. Definicja entropii.<\/li>\n<\/ol>\n<ol>\n<li style=\"list-style-type: none;\"><\/li>\n<\/ol>\n<h3>Zagadnienia do egzaminu dyplomowego na kierunku In\u017cynieria danych<\/h3>\n<ol>\n<li>Poj\u0119cie ruchu, opis, rodzaje, relacja si\u0142a ruch.<\/li>\n<li>Zasady dynamiki Newtona.<\/li>\n<li>Rodzaje energii. Poj\u0119cie pracy w mechanice, termodynamice i elektryczno\u015bci.<\/li>\n<li>Drgania mechaniczne \u2013 opis, w\u0142asno\u015bci, przyk\u0142ady.<\/li>\n<li>Prawa obwod\u00f3w elektrycznych (prawo Ohma, prawa Kirchoffa).<\/li>\n<li>R\u00f3wnania Maxwella.<\/li>\n<li>Zachowanie fali \u015bwietlnej na granicy dw\u00f3ch o\u015brodk\u00f3w.<\/li>\n<li>Falowa natura \u015bwiat\u0142a.<\/li>\n<li>Kinetyczna teoria gaz\u00f3w.<\/li>\n<li>Zasady termodynamiki. Definicja entropii.<\/li>\n<li>Charakterystyki liczbowe struktury zbiorowo\u015bci: miary po\u0142o\u017cenia, rozproszenia i asymetrii.<\/li>\n<li>Estymacja punktowa i przedzia\u0142owa dla parametr\u00f3w populacji.<\/li>\n<li>Testowanie hipotez statystycznych. Testowanie hipotez o parametrach populacji. Testy nieparametryczne. Testy zgodno\u015bci.<\/li>\n<li>Analiza korelacji i regresja liniowa.<\/li>\n<li>Reprezentacja danych w systemach komputerowych.<\/li>\n<li>Algebra Boole&#8217;a &#8211; funkcje i wyra\u017cenia boolowskie.<\/li>\n<li>Instrukcje steruj\u0105ce j\u0119zyka Python.<\/li>\n<li>Programowanie obiektowe w j\u0119zyku Python.<\/li>\n<li>Stos i jego zastosowania.<\/li>\n<li>Model warstwowy sieci komputerowej.<\/li>\n<li>Transakcja i jej w\u0142asno\u015bci.<\/li>\n<li>Poj\u0119cie klucza w bazach danych.<\/li>\n<li>Rekurencja. Przyk\u0142ady problem\u00f3w prowadz\u0105cych do ci\u0105g\u00f3w rekurencyjnych. Metody rozwi\u0105zywania rekurencji liniowej.<\/li>\n<li>Grafy. Przyk\u0142ady algorytm\u00f3w na grafach.<\/li>\n<li>Uczenie nadzorowane sieci neuronowych. Propagacja wsteczna. Klasyfikatory.<\/li>\n<li>Uczenie nienadzorowane sieci neuronowych. Klasteryzacja danych.<\/li>\n<li>Uczenie ze wzmocnieniem. Koncepcja i zastosowania.<\/li>\n<li>Sieci samoorganizuj\u0105ce si\u0119. Algorytm Kohonena i jego zastosowania.<\/li>\n<li>Algorytmy zach\u0142anne w przyk\u0142adowych problemach optymalizacyjnych (problem komiwoja\u017cera, problem plecakowy).<\/li>\n<li>Algorytm genetyczny i jego przyk\u0142adowe zastosowania.<\/li>\n<li>Algorytm mr\u00f3wkowy i jego przyk\u0142adowe zastosowania.<\/li>\n<\/ol>\n<p>&nbsp;<\/p>\n<h3>Zagadnienia do egzaminu dyplomowego na kierunku systemy diagnostyczne w medycynie<\/h3>\n<ol>\n<li>Poj\u0119cie ruchu i jego opis. Rodzaje ruch\u00f3w. Relacja si\u0142a-ruch.<\/li>\n<li>Zasady dynamiki Newtona i ich konsekwencje.<\/li>\n<li>Energia i jej rodzaje. Zasada zachowania energii.<\/li>\n<li>Drgania mechaniczne.<\/li>\n<li>W\u0142asno\u015bci pola grawitacyjnego.<\/li>\n<li>Oddzia\u0142ywania fundamentalne.<\/li>\n<li>Cz\u0105stki elementarne.<\/li>\n<li>Podstawowe w\u0142asno\u015bci pola elektrycznego. Prawo Coulomba i jego wykorzystanie.<\/li>\n<li>Pr\u0105d elektryczny sta\u0142y i zmienny. Prawa przep\u0142ywu pr\u0105du elektrycznego.<\/li>\n<li>Podstawowe w\u0142asno\u015bci pola magnetycznego.<\/li>\n<li>Fizyczne \u017ar\u00f3d\u0142a pola magnetycznego i jego w\u0142asno\u015bci. Magnesy trwa\u0142e i elektromagnesy.<\/li>\n<li>R\u00f3wnania Maxwella.<\/li>\n<li>Widmo fal elektromagnetycznych.<\/li>\n<li>Prawa optyki geometrycznej i warunki ich stosowalno\u015bci.<\/li>\n<li>Dyfrakcja, interferencja i polaryzacja \u015bwiat\u0142a.<\/li>\n<li>Zasady termodynamiki oraz mechanizmy transportu ciep\u0142a.<\/li>\n<li>Rozpady promieniotw\u00f3rcze. Wielko\u015bci i prawa opisuj\u0105ce rozpady promieniotw\u00f3rcze.<\/li>\n<li>Zastosowanie izotop\u00f3w w medycynie.<\/li>\n<li>Podstawy radioterapii. Brachyterapia.<\/li>\n<li>Podstawy fizyczne tomografii i obrazowanie metod\u0105 tomografii komputerowej.<\/li>\n<li>Ultrad\u017awi\u0119kowe i laserowe systemy diagnostyczne.<\/li>\n<li>Zasada dzia\u0142ania lampy rentgenowskiej oraz w\u0142asno\u015bci promieniowania rentgenowskiego.<\/li>\n<li>Podstawy fizyczne rezonansu magnetycznego i obrazowanie metod\u0105 rezonansu magnetycznego.<\/li>\n<li>Przyk\u0142ady system\u00f3w leczenia promieniowaniem niejonizuj\u0105cym.<\/li>\n<li>Podstawy fizyczne pozytonowej tomografii emisyjnej (PET) i obrazowanie metod\u0105 PET.<\/li>\n<li>Podstawy fizyczne tomografii emisyjnej pojedynczych foton\u00f3w (SPECT) i obrazowanie metod\u0105 SPECT.<\/li>\n<\/ol>\n","protected":false},"excerpt":{"rendered":"<p>Egzamin dyplomowy Regulamin Dyplomowania Regulamin dyplomowania w Instytucie Fizyki Zalecenia dotycz\u0105ce pisania prac dyplomowych w Instytucie Fizyki Biblioteka Wsparcie biblioteczne dla student\u00f3w przygotowuj\u0105cych prace dyplomowe Zagadnienia do egzaminu dyplomowego na kierunku Fizyka II stopnia: Ruch, powszechno\u015b\u0107 i wzgl\u0119dno\u015b\u0107 ruchu. Uk\u0142ady inercjalne i nieinercjalne. Ruch w polu si\u0142 centralnych, precesja, nutacja. Transformacja Galileusza, a transformacja Lorentza, [&hellip;]<\/p>\n","protected":false},"author":1,"featured_media":0,"parent":80,"menu_order":0,"comment_status":"closed","ping_status":"closed","template":"","meta":{"footnotes":""},"class_list":["post-217","page","type-page","status-publish","hentry"],"_links":{"self":[{"href":"https:\/\/fizyka.ujk.edu.pl\/index.php\/wp-json\/wp\/v2\/pages\/217","targetHints":{"allow":["GET"]}}],"collection":[{"href":"https:\/\/fizyka.ujk.edu.pl\/index.php\/wp-json\/wp\/v2\/pages"}],"about":[{"href":"https:\/\/fizyka.ujk.edu.pl\/index.php\/wp-json\/wp\/v2\/types\/page"}],"author":[{"embeddable":true,"href":"https:\/\/fizyka.ujk.edu.pl\/index.php\/wp-json\/wp\/v2\/users\/1"}],"replies":[{"embeddable":true,"href":"https:\/\/fizyka.ujk.edu.pl\/index.php\/wp-json\/wp\/v2\/comments?post=217"}],"version-history":[{"count":18,"href":"https:\/\/fizyka.ujk.edu.pl\/index.php\/wp-json\/wp\/v2\/pages\/217\/revisions"}],"predecessor-version":[{"id":2375,"href":"https:\/\/fizyka.ujk.edu.pl\/index.php\/wp-json\/wp\/v2\/pages\/217\/revisions\/2375"}],"up":[{"embeddable":true,"href":"https:\/\/fizyka.ujk.edu.pl\/index.php\/wp-json\/wp\/v2\/pages\/80"}],"wp:attachment":[{"href":"https:\/\/fizyka.ujk.edu.pl\/index.php\/wp-json\/wp\/v2\/media?parent=217"}],"curies":[{"name":"wp","href":"https:\/\/api.w.org\/{rel}","templated":true}]}}