{"id":209,"date":"2021-09-21T14:50:05","date_gmt":"2021-09-21T12:50:05","guid":{"rendered":"https:\/\/fizyka.ujk.edu.pl\/nowa\/?page_id=209"},"modified":"2026-03-11T10:14:15","modified_gmt":"2026-03-11T09:14:15","slug":"programy-i-harmonogram","status":"publish","type":"page","link":"https:\/\/fizyka.ujk.edu.pl\/index.php\/studia\/programy-i-harmonogram\/","title":{"rendered":"Programy i harmonogram"},"content":{"rendered":"<h2>Programy i harmonogramy<\/h2>\n<h3>Harmonogramy studi\u00f3w:<\/h3>\n<p>Systemy diagnostyczne w medycynie<\/p>\n<ul>\n<li><a href=\"https:\/\/fizyka.ujk.edu.pl\/files\/plans\/03_harmonogram_studiow_Systemy_diagnostyczne_2022_23_v27-02-2022.pdf\" target=\"_blank\" rel=\"noopener\">Systemy diagnostyczne w medycynie<\/a> studia licencjackie, pierwszego stopnia, stacjonarne, okres obowi\u0105zywania od 2022-2023<\/li>\n<\/ul>\n<p>Fizyka<\/p>\n<ul>\n<li><a href=\"https:\/\/fizyka.ujk.edu.pl\/files\/plans\/2025-2026\/03_Fizyka harmonogram studi\u00f3w ST I lic 2025-2026_v13_06-02-2025.pdf\">Fizyka<\/a> (fizyka medyczna, nanotechnologie) \u2013 studia pierwszego stopnia, stacjonarne, okres obowi\u0105zywania od 2025-2026<\/li>\n<li><a href=\"https:\/\/fizyka.ujk.edu.pl\/files\/plans\/2024-2025\/Harmonogram_fizyka_IIst. 2024-25_v12-06-2024.pdf\">Fizyka<\/a> (fizyka medyczna, nanotechnologie) \u2013 studia drugiego stopnia, stacjonarne, okres obowi\u0105zywania od 2024-2025<\/li>\n<li><a href=\"https:\/\/fizyka.ujk.edu.pl\/files\/plans\/Harmonogram_fizyka_IIst_od2019_20.pdf\">Fizyka<\/a> (fizyka medyczna, nanotechnologie) \u2013 studia drugiego stopnia, stacjonarne, okres obowi\u0105zywania od 2019-2020<\/li>\n<\/ul>\n<p>Fizyka techniczna<\/p>\n<ul>\n<li><a href=\"https:\/\/fizyka.ujk.edu.pl\/files\/plans\/2024-2025\/Harmonogram_FT_2024_2025.pdf\">Fizyka techniczna<\/a> (fizyka medyczna, nanofizyka, metrologia, przygotowanie do zawodu nauczyciela) \u2013 studia in\u017cynierskie, pierwszego stopnia, stacjonarne, okres obowi\u0105zywania od 2024-2025<\/li>\n<li><a href=\"https:\/\/fizyka.ujk.edu.pl\/files\/plans\/harmonogram_studiow_fizyka_techniczna_2021_22_v23-04-2021-1.pdf\">Fizyka techniczna<\/a> (fizyka medyczna, nanofizyka, metrologia, przygotowanie do zawodu nauczyciela) \u2013 studia in\u017cynierskie, pierwszego stopnia, stacjonarne, okres obowi\u0105zywania od 2021-2022<\/li>\n<li><a href=\"https:\/\/fizyka.ujk.edu.pl\/files\/plans\/Harmonogram_fizyka_techniczna_od2019_20.pdf\">Fizyka techniczna<\/a> (elektroradiologia, fizyka medyczna, nanotechnologia) \u2013 studia in\u017cynierskie, pierwszego stopnia, stacjonarne, okres obowi\u0105zywania od 2019-2020<\/li>\n<\/ul>\n<p>Fizyka medyczna<\/p>\n<ul>\n<li><a href=\"https:\/\/fizyka.ujk.edu.pl\/files\/plans\/2025-2026\/03_Harmonogram_fizyka_medyczna_IIst. 2025-26_v14_07-02-2025.pdf\">Fizyka medyczna<\/a> (fizyka medyczna) \u2013 studia magisterskie, drugiego stopnia, stacjonarne, okres obowi\u0105zywania od 2025-2026<\/li>\n<\/ul>\n<p>Informatyka<\/p>\n<ul>\n<li><a href=\"https:\/\/fizyka.ujk.edu.pl\/files\/plans\/2025-2026\/harmonogramStudiowINF_od2025-26.pdf\" target=\"_blank\" rel=\"noopener\">Kierunek Informatyka (profil og\u00f3lnoakademicki)<\/a> studia stacjonarne pierwszego stopnia, okres obowi\u0105zywania od 2025\/26<\/li>\n<li><a href=\"https:\/\/fizyka.ujk.edu.pl\/files\/plans\/INF_od2022-23_HarmonogramStudiow.pdf\" target=\"_blank\" rel=\"noopener\">Kierunek Informatyka (profil og\u00f3lnoakademicki)<\/a> studia stacjonarne pierwszego stopnia, okres obowi\u0105zywania od 2022\/23<\/li>\n<\/ul>\n<p>In\u017cynieria danych<\/p>\n<ul>\n<li><a href=\"https:\/\/fizyka.ujk.edu.pl\/files\/plans\/2025-2026\/2025-26_Harmonogram_ID.pdf\" target=\"_blank\" rel=\"noopener\">Kierunek In\u017cynieria danych (profil og\u00f3lnoakademicki) &#8211; studia stacjonarne pierwszego stopnia, obowi\u0105zuje od 2025\/26<\/a><\/li>\n<li><a href=\"https:\/\/fizyka.ujk.edu.pl\/files\/plans\/2025-2026\/2025-26_Harmonogram_ID-ang.pdf\" target=\"_blank\" rel=\"noopener\">Kierunek In\u017cynieria danych (profil og\u00f3lnoakademicki) \u2013 studia stacjonarne pierwszego stopnia, obowi\u0105zuje od 2025\/26 &#8211; j. angielski<\/a><\/li>\n<li><a href=\"https:\/\/fizyka.ujk.edu.pl\/files\/plans\/2020-2021\/2020-21_Harmonogram_ID.pdf\" target=\"_blank\" rel=\"noopener\">Kierunek In\u017cynieria danych (profil og\u00f3lnoakademicki) \u2013 studia stacjonarne pierwszego stopnia, obowi\u0105zuje od 2020\/21<\/a><\/li>\n<\/ul>\n<h3>Programy studi\u00f3w:<\/h3>\n<p>Fizyka<\/p>\n<ul>\n<li><a href=\"https:\/\/fizyka.ujk.edu.pl\/files\/plans\/2025-2026\/02_program studi\u00f3w_fizyka_2025-26_v12_06-02-2025.pdf\" target=\"_blank\" rel=\"noopener\">Fizyka<\/a> &#8211; studia pierwszego stopnia,stacjonarne, okres obowi\u0105zywania od 2025-2026<\/li>\n<li><a href=\"https:\/\/fizyka.ujk.edu.pl\/files\/plans\/2024-2025\/program_studiow_fizyka_2_stopnia_2024_25.pdf\" target=\"_blank\" rel=\"noopener\">Fizyka<\/a> &#8211; studia drugiego stopnia,stacjonarne, okres obowi\u0105zywania od 2024-2025<\/li>\n<li><a href=\"https:\/\/fizyka.ujk.edu.pl\/files\/plans\/ProgramStudiow_FizykaIIStopnia_od2019-20.pdf\" target=\"_blank\" rel=\"noopener\">Fizyka<\/a> &#8211; studia drugiego stopnia,stacjonarne, okres obowi\u0105zywania od 2019-2020<\/li>\n<\/ul>\n<p>Fizyka techniczna<\/p>\n<ul>\n<li><a href=\"https:\/\/fizyka.ujk.edu.pl\/files\/plans\/2024-2025\/program studi\u00f3w_fizyka_techniczna_2024-25.pdf\">Fizyka techniczna<\/a> \u2013 studia in\u017cynierskie, pierwszego stopnia, stacjonarne, okres obowi\u0105zywania od 2024-2025<\/li>\n<li><a href=\"https:\/\/fizyka.ujk.edu.pl\/files\/plans\/program studi\u00f3w_fizyka_techniczna_2021-22_v26-05-2021.pdf\">Fizyka techniczna<\/a> \u2013 studia in\u017cynierskie, pierwszego stopnia, stacjonarne, okres obowi\u0105zywania od 2021-2020<\/li>\n<li><a href=\"https:\/\/fizyka.ujk.edu.pl\/files\/plans\/ProgramStudiow_FizykaTechniczna_od2019-20.pdf\">Fizyka techniczna<\/a> \u2013 studia in\u017cynierskie, pierwszego stopnia, stacjonarne, okres obowi\u0105zywania od 2019-2020<\/li>\n<\/ul>\n<p>Fizyka medyczna<\/p>\n<ul>\n<li><a href=\"https:\/\/fizyka.ujk.edu.pl\/files\/plans\/2025-2026\/02_program_studiow_fizyka medyczna_2025_26_v16_08-02-2025.pdf\">Fizyka medyczna<\/a> \u2013 studia magisterskie, drugiego stopnia, stacjonarne, okres obowi\u0105zywania od 2025-2026<\/li>\n<\/ul>\n<p>Informatyka<\/p>\n<ul>\n<li><a href=\"https:\/\/fizyka.ujk.edu.pl\/files\/plans\/2025-2026\/programINF_od2025-26.pdf\" target=\"_blank\" rel=\"noopener\">Kierunek Informatyka<\/a> &#8211; studia stacjonarne pierwszego stopnia, okres obowi\u0105zywania od 2025\/26.<\/li>\n<li><a href=\"https:\/\/fizyka.ujk.edu.pl\/files\/plans\/INF_od2021-22_ProgramStudiow.pdf\" target=\"_blank\" rel=\"noopener\">Kierunek Informatyka<\/a> &#8211; studia stacjonarne pierwszego stopnia, okres obowi\u0105zywania od 2021\/22.<\/li>\n<\/ul>\n<p>In\u017cynieria danych<\/p>\n<ul>\n<li><a href=\"https:\/\/fizyka.ujk.edu.pl\/files\/plans\/2025-2026\/2025-26_ProgramStudiow_ID-PL.pdf\" target=\"_blank\" rel=\"noopener\">Kierunek In\u017cynieria danych \u2013 studia stacjonarne pierwszego stopnia w j\u0119zyku<br \/>\npolskim, okres obowi\u0105zywania od 2025\/26<\/a><\/li>\n<li><a href=\"https:\/\/fizyka.ujk.edu.pl\/files\/plans\/2025-2026\/2025-26_ProgramStudiow_ID-EN.pdf\" target=\"_blank\" rel=\"noopener\">Kierunek In\u017cynieria danych \u2013 studia stacjonarne pierwszego stopnia w j\u0119zyku<br \/>\nangielskim, okres obowi\u0105zywania od 2025\/26 <\/a><\/li>\n<li><a href=\"https:\/\/fizyka.ujk.edu.pl\/files\/plans\/2020-2021\/2020-21_ProgramStudiow_ID.pdf\" target=\"_blank\" rel=\"noopener\">Kierunek In\u017cynieria danych \u2013 studia stacjonarne pierwszego stopnia, okres<br \/>\nobowi\u0105zywania od 2020\/21<\/a><\/li>\n<\/ul>\n<p>Systemy diagnostyczne w medycynie<\/p>\n<ul>\n<li><a href=\"https:\/\/fizyka.ujk.edu.pl\/files\/plans\/02_program-studiow-Systemy diagnostyczne_v17.pdf\" target=\"_blank\" rel=\"noopener\">Kierunek Systemy diagnostyczne w medycynie<\/a> &#8211; studia stacjonarne pierwszego stopnia,okres obowi\u0105zywania od 2022-2023.<\/li>\n<\/ul>\n","protected":false},"excerpt":{"rendered":"<p>Programy i harmonogramy Harmonogramy studi\u00f3w: Systemy diagnostyczne w medycynie Systemy diagnostyczne w medycynie studia licencjackie, pierwszego stopnia, stacjonarne, okres obowi\u0105zywania od 2022-2023 Fizyka Fizyka (fizyka medyczna, nanotechnologie) \u2013 studia pierwszego stopnia, stacjonarne, okres obowi\u0105zywania od 2025-2026 Fizyka (fizyka medyczna, nanotechnologie) \u2013 studia drugiego stopnia, stacjonarne, okres obowi\u0105zywania od 2024-2025 Fizyka (fizyka medyczna, nanotechnologie) \u2013 studia [&hellip;]<\/p>\n","protected":false},"author":1,"featured_media":0,"parent":80,"menu_order":0,"comment_status":"closed","ping_status":"closed","template":"","meta":{"footnotes":""},"class_list":["post-209","page","type-page","status-publish","hentry"],"_links":{"self":[{"href":"https:\/\/fizyka.ujk.edu.pl\/index.php\/wp-json\/wp\/v2\/pages\/209","targetHints":{"allow":["GET"]}}],"collection":[{"href":"https:\/\/fizyka.ujk.edu.pl\/index.php\/wp-json\/wp\/v2\/pages"}],"about":[{"href":"https:\/\/fizyka.ujk.edu.pl\/index.php\/wp-json\/wp\/v2\/types\/page"}],"author":[{"embeddable":true,"href":"https:\/\/fizyka.ujk.edu.pl\/index.php\/wp-json\/wp\/v2\/users\/1"}],"replies":[{"embeddable":true,"href":"https:\/\/fizyka.ujk.edu.pl\/index.php\/wp-json\/wp\/v2\/comments?post=209"}],"version-history":[{"count":49,"href":"https:\/\/fizyka.ujk.edu.pl\/index.php\/wp-json\/wp\/v2\/pages\/209\/revisions"}],"predecessor-version":[{"id":2393,"href":"https:\/\/fizyka.ujk.edu.pl\/index.php\/wp-json\/wp\/v2\/pages\/209\/revisions\/2393"}],"up":[{"embeddable":true,"href":"https:\/\/fizyka.ujk.edu.pl\/index.php\/wp-json\/wp\/v2\/pages\/80"}],"wp:attachment":[{"href":"https:\/\/fizyka.ujk.edu.pl\/index.php\/wp-json\/wp\/v2\/media?parent=209"}],"curies":[{"name":"wp","href":"https:\/\/api.w.org\/{rel}","templated":true}]}}