{"id":1979,"date":"2025-05-19T10:21:26","date_gmt":"2025-05-19T08:21:26","guid":{"rendered":"https:\/\/fizyka.ujk.edu.pl\/?page_id=1979"},"modified":"2025-05-19T10:22:53","modified_gmt":"2025-05-19T08:22:53","slug":"elettra","status":"publish","type":"page","link":"https:\/\/fizyka.ujk.edu.pl\/index.php\/wspolpraca\/elettra\/","title":{"rendered":"Elettra"},"content":{"rendered":"<p><a href=\"https:\/\/fizyka.ujk.edu.pl\/wp-content\/uploads\/2025\/05\/elettra.png\"><img loading=\"lazy\" decoding=\"async\" class=\"size-full wp-image-1980 alignleft\" src=\"https:\/\/fizyka.ujk.edu.pl\/wp-content\/uploads\/2025\/05\/elettra.png\" alt=\"\" width=\"273\" height=\"185\" \/><\/a><\/p>\n<p>&nbsp;<\/p>\n<p>&nbsp;<\/p>\n<p>&nbsp;<\/p>\n<p>&nbsp;<\/p>\n<p>&nbsp;<\/p>\n<p><b>https:\/\/www.elettra.eu\/<\/b><\/p>\n<p><b>Porozumienie o wsp\u00f3\u0142pracy<\/b><\/p>\n<p align=\"justify\">W dniu 07.05.2025 zosta\u0142o podpisane MEMORANDUM OF UNDERSTANDING pomi\u0119dzy ELETTRA &#8211; SINCROTRONE TRIESTE S.C.p.A. (Basovizza, Trieste ITALY) oraz Uniwersytetem Jana Kochanowskiego w Kielcach dotycz\u0105ce wsp\u00f3\u0142pracy naukowej mi\u0119dzy Instytucjami.<\/p>\n<p align=\"justify\">Synchrotron Elettra to multidyscyplinarne mi\u0119dzynarodowe centrum badawcze specjalizuj\u0105ce si\u0119 w promieniowaniu synchrotronowym i jego zastosowaniu w naukach przyrodniczych. Misj\u0105 Elettry jest promowanie rozwoju kulturalnego, spo\u0142ecznego i gospodarczego poprzez badania podstawowe i stosowane, szkolenia techniczne i naukowe, a tak\u017ce transfer technologii.<\/p>\n<p align=\"justify\">W ramach podpisanego porozumienia, w o\u015brodku Elettra odb\u0119dzie si\u0119 sta\u017c doktoranta Szko\u0142y Doktorskiej Uniwersytetu Jana Kochanowskiego w Kielcach, w dyscyplinie nauki fizyczne. Sta\u017c zostanie zrealizowany na linii eksperymentalnej X-Ray Fluorescence (XRF) obs\u0142ugiwanej we wsp\u00f3\u0142pracy z Mi\u0119dzynarodow\u0105 Agencj\u0105 Energii Atomowej (IAEA). Linia XRF, dzia\u0142aj\u0105ca w zakresie energii promieniowania 2-14 keV, oferuje wykorzystanie technik XRF, XRR i XAFS w badaniu materia\u0142\u00f3w.<\/p>\n","protected":false},"excerpt":{"rendered":"<p>&nbsp; &nbsp; &nbsp; &nbsp; &nbsp; https:\/\/www.elettra.eu\/ Porozumienie o wsp\u00f3\u0142pracy W dniu 07.05.2025 zosta\u0142o podpisane MEMORANDUM OF UNDERSTANDING pomi\u0119dzy ELETTRA &#8211; SINCROTRONE TRIESTE S.C.p.A. (Basovizza, Trieste ITALY) oraz Uniwersytetem Jana Kochanowskiego w Kielcach dotycz\u0105ce wsp\u00f3\u0142pracy naukowej mi\u0119dzy Instytucjami. Synchrotron Elettra to multidyscyplinarne mi\u0119dzynarodowe centrum badawcze specjalizuj\u0105ce si\u0119 w promieniowaniu synchrotronowym i jego zastosowaniu w naukach przyrodniczych. [&hellip;]<\/p>\n","protected":false},"author":1,"featured_media":0,"parent":1120,"menu_order":0,"comment_status":"closed","ping_status":"closed","template":"","meta":{"footnotes":""},"class_list":["post-1979","page","type-page","status-publish","hentry"],"_links":{"self":[{"href":"https:\/\/fizyka.ujk.edu.pl\/index.php\/wp-json\/wp\/v2\/pages\/1979","targetHints":{"allow":["GET"]}}],"collection":[{"href":"https:\/\/fizyka.ujk.edu.pl\/index.php\/wp-json\/wp\/v2\/pages"}],"about":[{"href":"https:\/\/fizyka.ujk.edu.pl\/index.php\/wp-json\/wp\/v2\/types\/page"}],"author":[{"embeddable":true,"href":"https:\/\/fizyka.ujk.edu.pl\/index.php\/wp-json\/wp\/v2\/users\/1"}],"replies":[{"embeddable":true,"href":"https:\/\/fizyka.ujk.edu.pl\/index.php\/wp-json\/wp\/v2\/comments?post=1979"}],"version-history":[{"count":1,"href":"https:\/\/fizyka.ujk.edu.pl\/index.php\/wp-json\/wp\/v2\/pages\/1979\/revisions"}],"predecessor-version":[{"id":1981,"href":"https:\/\/fizyka.ujk.edu.pl\/index.php\/wp-json\/wp\/v2\/pages\/1979\/revisions\/1981"}],"up":[{"embeddable":true,"href":"https:\/\/fizyka.ujk.edu.pl\/index.php\/wp-json\/wp\/v2\/pages\/1120"}],"wp:attachment":[{"href":"https:\/\/fizyka.ujk.edu.pl\/index.php\/wp-json\/wp\/v2\/media?parent=1979"}],"curies":[{"name":"wp","href":"https:\/\/api.w.org\/{rel}","templated":true}]}}