{"id":151,"date":"2021-09-21T13:52:56","date_gmt":"2021-09-21T11:52:56","guid":{"rendered":"https:\/\/fizyka.ujk.edu.pl\/nowa\/?page_id=151"},"modified":"2025-11-05T14:41:57","modified_gmt":"2025-11-05T13:41:57","slug":"zasady-rekrutacji","status":"publish","type":"page","link":"https:\/\/fizyka.ujk.edu.pl\/index.php\/kandydaci\/zasady-rekrutacji\/","title":{"rendered":"Zasady rekrutacji"},"content":{"rendered":"<h2>Zasady rekrutacji<\/h2>\n<p>Rekrutacja odbywa si\u0119 w formie elektronicznej na stronie\u00a0<a href=\"https:\/\/rekrutacja.ujk.edu.pl\/ \">https:\/\/rekrutacja.ujk.edu.pl\/ <\/a>.<\/p>\n<p>Na tej stronie dost\u0119pne s\u0105 r\u00f3wnie\u017c wszelkie informacje dotycz\u0105ce termin\u00f3w i trybu rekrutacji. (Uwaga! Strona jest chroniona certyfikatem UJK \u2013 w razie konieczno\u015bci prosimy o potwierdzenie wyj\u0105tku bezpiecze\u0144stwa).<\/p>\n<p>Szczeg\u00f3\u0142owych informacji dotycz\u0105cych rekrutacji udzielaj\u0105 cz\u0142onkowie Wydzia\u0142owej Komisji Rekrutacyjnej (WKR), kt\u00f3rymi z ramienia Instytutu Fizyki s\u0105: dr Ilona Stabrawa (kontakt e-mail <a href=\"mailto:ilona.stabrawa@ujk.edu.pl\">ilona.stabrawa@ujk.edu.pl<\/a>) oraz dr in\u017c. Milena Piotrowska (kontakt e-mail <a href=\"mailto:milena.piotrowska@ujk.edu.pl\">milena.piotrowska@ujk.edu.pl<\/a>).<\/p>\n<p>Szczeg\u00f3\u0142owe informacje na temat kierunk\u00f3w studi\u00f3w znajd\u0105 Pa\u0144stwo na stronie internetowej Wydzia\u0142u Nauk \u015acis\u0142ych i Przyrodniczych w zak\u0142adce Kandydaci &gt; Kierunki studi\u00f3w: <a href=\"https:\/\/wmp.ujk.edu.pl\/kandydaci\/kierunki-studiow\/\">https:\/\/wmp.ujk.edu.pl\/kandydaci\/kierunki-studiow\/<\/a>.<\/p>\n<p><strong><\/p>\n<h3>Kierunki studi\u00f3w prowadzone w Instytucie Fizyki UJK:<\/h3>\n<p><\/strong><\/p>\n<p>&#8211; Systemy diagnostyczne w medycynie (studia I stopnia licencjackie (3-letnie), stacjonarne).<\/p>\n<p>&#8211; Fizyka techniczna (studia I stopnia in\u017cynierskie (3,5-letnie), stacjonarne) w zakresie:<br \/>\nfizyki medycznej,<br \/>\nnanofizyki,<br \/>\nmetrologii,<br \/>\nprzygotowania do zawodu nauczyciela.<\/p>\n<p>&#8211; Fizyka (studia I stopnia licencjackie (3-letnie), stacjonarne) w zakresie:<br \/>\nfizyki medycznej,<br \/>\nnanofizyki i metrologii,<br \/>\nprzygotowania do zawodu nauczyciela.<\/p>\n<p>&#8211; Informatyka (studia I stopnia in\u017cynierskie (3,5-letnie), stacjonarne).<\/p>\n<p>&#8211; In\u017cynieria danych (studia I stopnia in\u017cynierskie (3,5-letnie), stacjonarne, prowadzone w j\u0119zyku polskim i angielskim).<\/p>\n<p>&#8211; Fizyka (studia II stopnia magisterskie (1,5-letnie), stacjonarne) w zakresie:<br \/>\nfizyki medycznej,<br \/>\nnanofizyki,<br \/>\nprzygotowania do zawodu nauczyciela.<\/p>\n<p>&#8211; Fizyka medyczna (studia II stopnia magisterskie (2-letnie), stacjonarne).<\/p>\n","protected":false},"excerpt":{"rendered":"<p>Zasady rekrutacji Rekrutacja odbywa si\u0119 w formie elektronicznej na stronie\u00a0https:\/\/rekrutacja.ujk.edu.pl\/ . Na tej stronie dost\u0119pne s\u0105 r\u00f3wnie\u017c wszelkie informacje dotycz\u0105ce termin\u00f3w i trybu rekrutacji. (Uwaga! Strona jest chroniona certyfikatem UJK \u2013 w razie konieczno\u015bci prosimy o potwierdzenie wyj\u0105tku bezpiecze\u0144stwa). Szczeg\u00f3\u0142owych informacji dotycz\u0105cych rekrutacji udzielaj\u0105 cz\u0142onkowie Wydzia\u0142owej Komisji Rekrutacyjnej (WKR), kt\u00f3rymi z ramienia Instytutu Fizyki s\u0105: [&hellip;]<\/p>\n","protected":false},"author":1,"featured_media":0,"parent":78,"menu_order":0,"comment_status":"closed","ping_status":"closed","template":"","meta":{"footnotes":""},"class_list":["post-151","page","type-page","status-publish","hentry"],"_links":{"self":[{"href":"https:\/\/fizyka.ujk.edu.pl\/index.php\/wp-json\/wp\/v2\/pages\/151","targetHints":{"allow":["GET"]}}],"collection":[{"href":"https:\/\/fizyka.ujk.edu.pl\/index.php\/wp-json\/wp\/v2\/pages"}],"about":[{"href":"https:\/\/fizyka.ujk.edu.pl\/index.php\/wp-json\/wp\/v2\/types\/page"}],"author":[{"embeddable":true,"href":"https:\/\/fizyka.ujk.edu.pl\/index.php\/wp-json\/wp\/v2\/users\/1"}],"replies":[{"embeddable":true,"href":"https:\/\/fizyka.ujk.edu.pl\/index.php\/wp-json\/wp\/v2\/comments?post=151"}],"version-history":[{"count":36,"href":"https:\/\/fizyka.ujk.edu.pl\/index.php\/wp-json\/wp\/v2\/pages\/151\/revisions"}],"predecessor-version":[{"id":2239,"href":"https:\/\/fizyka.ujk.edu.pl\/index.php\/wp-json\/wp\/v2\/pages\/151\/revisions\/2239"}],"up":[{"embeddable":true,"href":"https:\/\/fizyka.ujk.edu.pl\/index.php\/wp-json\/wp\/v2\/pages\/78"}],"wp:attachment":[{"href":"https:\/\/fizyka.ujk.edu.pl\/index.php\/wp-json\/wp\/v2\/media?parent=151"}],"curies":[{"name":"wp","href":"https:\/\/api.w.org\/{rel}","templated":true}]}}