{"id":128,"date":"2021-09-21T13:43:19","date_gmt":"2021-09-21T11:43:19","guid":{"rendered":"https:\/\/fizyka.ujk.edu.pl\/nowa\/?page_id=128"},"modified":"2022-03-15T21:06:49","modified_gmt":"2022-03-15T20:06:49","slug":"interferometrii-laserowej","status":"publish","type":"page","link":"https:\/\/fizyka.ujk.edu.pl\/index.php\/laboratoria\/interferometrii-laserowej\/","title":{"rendered":"Interferometrii Laserowej"},"content":{"rendered":"<h2>Laboratorium Interferometrii Laserowej<\/h2>\n<h3>Dane Kontaktowe<\/h3>\n<ul>\n<li style=\"list-style-type: none;\">\n<ul>\n<li>Kierownik laboratorium: dr Kazimierz Dworecki<\/li>\n<li>Telefon kontaktowy: (41) 349 64 69; (41) 349 64 72<\/li>\n<li>Adres mailowy: <a href=\"mailto:kazimierz.dworecki@ujk.edu.pl\">kazimierz.dworecki@ujk.edu.pl <\/a><\/li>\n<li>Lokalizacja: Uniwersytet Jana Kochanowskiego w Kielcach, Instytut Fizyki, ul. Uniwersytecka 7, 25-406 Kielce<\/li>\n<\/ul>\n<\/li>\n<\/ul>\n<p><!--\n \t\n\n<li>Strona internetowa zak\u0142adu: <a href=\" http:\/\/www.ujk.edu.pl\/ifiz\/zfmo\/\"> http:\/\/www.ujk.edu.pl\/ifiz\/zfmo\/ <\/a><\/li>\n\n\n--><\/p>\n<h3>Opis bada\u0144<\/h3>\n<p style=\"text-align: justify;\">Prowadzone badania dotycz\u0105 proces\u00f3w transportu substancji w uk\u0142adach membranowych. Wyst\u0119puj\u0105 tu takie zjawiska jak: dyfuzja, dyfuzja anomalna, grawidyfuzja, osmoza, grawiosmoza, odwr\u00f3cona osmoza, konwekcja. Szczeg\u00f3lne miejsce w tych poszukiwaniach, prowadzonych g\u0142\u00f3wnie przy zastosowaniu metod interferometrycznych zajmuje badanie wp\u0142ywu si\u0142y ci\u0105\u017cenia na stan tzw. przymembranowych warstw dyfuzyjnych. Badane s\u0105 zmiany w\u0142a\u015bciwo\u015bci transportowych membran na skutek implantacji jon\u00f3w. Realizowane s\u0105 te\u017c badania biofizyczne, dotycz\u0105ce fizycznych podstaw wymuszania translokacji wody w ro\u015blinach, zachodz\u0105cej na kr\u00f3tkich i d\u0142ugich dystansach. W szczeg\u00f3lno\u015bci zajmowano si\u0119 wymian\u0105 wody przez kom\u00f3rki \u017cywe, zachodz\u0105c\u0105 w warunkach zachowywania przez nie sta\u0142ych obj\u0119to\u015bci.<\/p>\n<h3>Zakres prowadzonych bada\u0144<\/h3>\n<ul>\n<li>Badania biofizyczne dotycz\u0105ce transportu substancji przez membrany<\/li>\n<li>Badania elipsometryczne proces\u00f3w adsorpcji biomoleku\u0142 na powierzchni membran<\/li>\n<li>Pomiary charakterystyk warstw molekularnych (grubo\u015b\u0107, wsp\u00f3\u0142czynnik za\u0142amania \u015bwiat\u0142a, sta\u0142a dielektryczna)<\/li>\n<li>Elipsometryczne badania oddzia\u0142ywa\u0144 biomoleku\u0142 m.in. lipopolisacharyd\u00f3w z lekami, prowadzone w warunkach powierzchniowego rezonansu plazmon\u00f3w<\/li>\n<\/ul>\n<h3>Oferta komercyjna<\/h3>\n<ul>\n<li>Badanie przenikania farmaceutyk\u00f3w przez biofilmy bakteryjne<\/li>\n<li>Badania transferu substancji przez r\u00f3\u017cnego rodzaju membrany, sztuczne i naturalne<\/li>\n<li>Okre\u015blanie parametr\u00f3w transportowych membran<\/li>\n<li>Badania uwalniania substancji z r\u00f3\u017cnych o\u015brodk\u00f3w metod\u0105 interferometrii laserowej w fazie ciek\u0142ej i \u017celowej nieabsorbujacej \u015bwiat\u0142a<\/li>\n<li>Kompleksowe badania procesu dyfuzji substancji (wizualizacja, ewolucja warstw dyfuzyjnych i pola st\u0119\u017ceniowego, gradienty i profile st\u0119\u017ce\u0144, wsp\u00f3\u0142czynnik dyfuzji)<\/li>\n<li>Pomiary elipsometryczne parametr\u00f3w optycznych (wsp\u00f3\u0142czynnik za\u0142amania, sta\u0142a dielektryczna) w zakresie spektralnym 280-850 nm i grubo\u015bci warstw nanoszonych na pod\u0142o\u017ce sta\u0142e w skali nanometrowej<\/li>\n<\/ul>\n<h3>Baza aparaturowa:<\/h3>\n<ul>\n<li>Elipsometr spektroskopowy Sentech SE800<\/li>\n<li>Interferometr laserowy<\/li>\n<li>System do akwizycji i analizy obraz\u00f3w<\/li>\n<\/ul>\n","protected":false},"excerpt":{"rendered":"<p>Laboratorium Interferometrii Laserowej Dane Kontaktowe Kierownik laboratorium: dr Kazimierz Dworecki Telefon kontaktowy: (41) 349 64 69; (41) 349 64 72 Adres mailowy: kazimierz.dworecki@ujk.edu.pl Lokalizacja: Uniwersytet Jana Kochanowskiego w Kielcach, Instytut Fizyki, ul. Uniwersytecka 7, 25-406 Kielce Opis bada\u0144 Prowadzone badania dotycz\u0105 proces\u00f3w transportu substancji w uk\u0142adach membranowych. Wyst\u0119puj\u0105 tu takie zjawiska jak: dyfuzja, dyfuzja anomalna, [&hellip;]<\/p>\n","protected":false},"author":1,"featured_media":0,"parent":74,"menu_order":0,"comment_status":"closed","ping_status":"closed","template":"","meta":{"footnotes":""},"class_list":["post-128","page","type-page","status-publish","hentry"],"_links":{"self":[{"href":"https:\/\/fizyka.ujk.edu.pl\/index.php\/wp-json\/wp\/v2\/pages\/128","targetHints":{"allow":["GET"]}}],"collection":[{"href":"https:\/\/fizyka.ujk.edu.pl\/index.php\/wp-json\/wp\/v2\/pages"}],"about":[{"href":"https:\/\/fizyka.ujk.edu.pl\/index.php\/wp-json\/wp\/v2\/types\/page"}],"author":[{"embeddable":true,"href":"https:\/\/fizyka.ujk.edu.pl\/index.php\/wp-json\/wp\/v2\/users\/1"}],"replies":[{"embeddable":true,"href":"https:\/\/fizyka.ujk.edu.pl\/index.php\/wp-json\/wp\/v2\/comments?post=128"}],"version-history":[{"count":9,"href":"https:\/\/fizyka.ujk.edu.pl\/index.php\/wp-json\/wp\/v2\/pages\/128\/revisions"}],"predecessor-version":[{"id":741,"href":"https:\/\/fizyka.ujk.edu.pl\/index.php\/wp-json\/wp\/v2\/pages\/128\/revisions\/741"}],"up":[{"embeddable":true,"href":"https:\/\/fizyka.ujk.edu.pl\/index.php\/wp-json\/wp\/v2\/pages\/74"}],"wp:attachment":[{"href":"https:\/\/fizyka.ujk.edu.pl\/index.php\/wp-json\/wp\/v2\/media?parent=128"}],"curies":[{"name":"wp","href":"https:\/\/api.w.org\/{rel}","templated":true}]}}