{"id":116,"date":"2021-09-21T13:37:19","date_gmt":"2021-09-21T11:37:19","guid":{"rendered":"https:\/\/fizyka.ujk.edu.pl\/nowa\/?page_id=116"},"modified":"2025-11-03T09:26:11","modified_gmt":"2025-11-03T08:26:11","slug":"fizyki-wysokich-energii","status":"publish","type":"page","link":"https:\/\/fizyka.ujk.edu.pl\/index.php\/zaklady\/fizyki-wysokich-energii\/","title":{"rendered":"Fizyki Wysokich Energii"},"content":{"rendered":"<h2>Zak\u0142ad Fizyki Wysokich Energii (ZFWE)<\/h2>\n<ul>\n<li style=\"list-style-type: none;\">\n<ul>\n<li><span style=\"font-family: arial, helvetica, sans-serif;\">Francesco Giacosa, prof. dr hab. &#8211; kierownik, <a href=\"mailto:francesco.giacosa%40gmail.com\"> francesco.giacosa@gmail.com <\/a>, strona <a href=\"http:\/\/www.ujk.edu.pl\/strony\/Francesco.Giacosa\/\">WWW<\/a>)<\/span><\/li>\n<li><span style=\"font-family: arial, helvetica, sans-serif;\">Marek Ga\u017adzicki, prof. dr hab., <a href=\"mailto:marek.gazdzicki%40cern.ch\">marek.gazdzicki@cern.ch <\/a><\/span><\/li>\n<li><span style=\"font-family: arial, helvetica, sans-serif;\">Zbigniew W\u0142odarczyk, prof. dr hab., <a href=\"mailto:z.wlodarczy%40ujk.edu.pl\"> z.wlodarczyk@ujk.edu.pl <\/a><\/span><\/li>\n<li><span style=\"font-family: arial, helvetica, sans-serif;\">Grzegorz Stefanek, dr hab. prof. UJK, <a href=\"mailto:g.stefanek%40ujk.edu.pl\"> g.stefanek@ujk.edu.pl <\/a>(strona <a href=\"http:\/\/www.ujk.edu.pl\/strony\/Grzegorz.Stefanek\/\">WWW<\/a>)<\/span><\/li>\n<li><span style=\"font-family: arial, helvetica, sans-serif;\">Arkadiusz Kuro\u015b, dr, adiunkt, <a href=\"mailto:a.kuros%40ujk.edu.pl\"> a.kuros@ujk.edu.pl <\/a><\/span><\/li>\n<li><span style=\"font-family: arial, helvetica, sans-serif;\">Rados\u0142aw Maj, dr, adiunkt, <a href=\"mailto:r.maj%40ujk.edu.pl\"> r.maj@ujk.edu.pl <\/a><\/span><\/li>\n<li><span style=\"font-family: arial, helvetica, sans-serif;\">Milena Piotrowska, dr in\u017c., adiunkt, <a href=\"mailto:milena.piotrowska%40ujk.edu.pl\"> milena.piotrowska@ujk.edu.pl <\/a><\/span><\/li>\n<li><span style=\"font-family: arial, helvetica, sans-serif;\">Peter Seyboth, dr, prof. wizytuj\u0105cy, <a href=\"mailto:pxs%40mppmu.mpg.de\"> pxs@mppmu.mpg.de <\/a><\/span><\/li>\n<li><span style=\"font-family: arial, helvetica, sans-serif;\">Leonardo Tinti, dr, adiunkt, <a href=\"mailto:l.tinti%40ujk.edu.pl\">l.tinti@ujk.edu.pl <\/a><\/span><\/li>\n<li><span style=\"font-family: arial, helvetica, sans-serif;\">Martin Rohrmoser, dr, asystent, <a href=\"mailto:martin.rohrmoser%40ujk.edu.pl\">martin.rohrmoser@ujk.edu.pl <\/a><\/span><\/li>\n<li><span style=\"font-family: arial, helvetica, sans-serif;\">Oleksandra Panova, dr, <a href=\"mailto:oleksandra.panova%40cern.ch\">oleksandra.panova@cern.ch <\/a><\/span><\/li>\n<li><span style=\"font-family: arial, helvetica, sans-serif;\">Ali Bazgir, mgr, doktorant<\/span><\/li>\n<li><span style=\"font-family: arial, helvetica, sans-serif;\">Yehor Bondar, mgr, doktorant<\/span><span style=\"font-family: arial, helvetica, sans-serif;\"><br \/>\n<\/span><\/li>\n<li><span style=\"font-family: arial, helvetica, sans-serif;\">Arthur Vereijken, mgr, doktorant<\/span><\/li>\n<\/ul>\n<p><span style=\"font-family: arial, helvetica, sans-serif;\"><!--\n\nStrona internetowa Zak\u0142adu: <a href=\"..\/zft\" onclick=\"return !aTarget(this)\">http:\/\/www.ujk.edu.pl\/ifiz\/zft\/<\/a>\n\n--><\/span><\/p>\n<h3><span style=\"font-family: arial, helvetica, sans-serif;\">Tematyka bada\u0144<\/span><\/h3>\n<p style=\"text-align: justify;\"><span style=\"font-family: arial, helvetica, sans-serif;\">Zak\u0142ad zgodnie ze swoj\u0105 nazw\u0105 prowadzi badania eksperymentalne i teoretyczne w obszarze fizyki wysokich energii.<\/span><\/p>\n<p style=\"text-align: justify;\"><span style=\"font-family: arial, helvetica, sans-serif;\">Dzia\u0142alno\u015b\u0107 do\u015bwiadczalna koncentruje si\u0119 na problematyce zderze\u0144 relatywistycznych j\u0105der atomowych. Uczestniczymy w programach eksperymentalnych NA49 i NA61\/SHINE realizowanych akceleratorze SPS w Europejskiej Organizacji Bada\u0144 J\u0105drowych CERN w Genewie, w Szwajcarii, a tak\u017ce w przygotowaniu programu MPD, kt\u00f3ry b\u0119dzie realizowany przy akceleratorze NICA w Dubnej, w Rosji. G\u0142\u00f3wnym celem tych program\u00f3w jest poznanie w\u0142asno\u015bci silnie oddzia\u0142ywuj\u0105cej materii, szczeg\u00f3lnie w postaci plazmy kwarkowo-gluonowej.<\/span><\/p>\n<p style=\"text-align: justify;\"><span style=\"font-family: arial, helvetica, sans-serif;\">Badania teoretyczne dotycz\u0105 g\u0142\u00f3wnie zderze\u0144 relatywistycznych jon\u00f3w oraz plazmy kwarkowo-gluonowej, a tak\u017ce w\u0142asno\u015bci silnie oddzia\u0142ywuj\u0105cych cz\u0105stek czyli hadron\u00f3w, szczeg\u00f3lnie tych egzotycznych zaobserwowanych w ostatnich latach.<\/span><\/p>\n<h3><span style=\"font-family: arial, helvetica, sans-serif;\">Wsp\u00f3\u0142praca naukowa<\/span><\/h3>\n<ul>\n<li><span style=\"font-family: arial, helvetica, sans-serif;\">Narodowe Centrum Bada\u0144 J\u0105drowych, Warszawa<\/span><\/li>\n<li><span style=\"font-family: arial, helvetica, sans-serif;\">Instytut Fizyki J\u0105drowej PAN im. H. Niewodnicza\u0144skiego, Krak\u00f3w<\/span><\/li>\n<li><span style=\"font-family: arial, helvetica, sans-serif;\">Europejskie Centrum Bada\u0144 J\u0105drowych (CERN), Genewa, Szwajcaria<\/span><\/li>\n<li><span style=\"font-family: arial, helvetica, sans-serif;\">Instytut Fizyki J\u0105drowej Uniwersytetu im J. Goethego, Frankfurt nad Menem, Niemcy<\/span><\/li>\n<li><span style=\"font-family: arial, helvetica, sans-serif;\">Departament Fizyki, Uniwersytet Duke, Durham, P\u0142n. Karolina, USA<\/span><\/li>\n<\/ul>\n","protected":false},"excerpt":{"rendered":"<p>Zak\u0142ad Fizyki Wysokich Energii (ZFWE) Francesco Giacosa, prof. dr hab. &#8211; kierownik, francesco.giacosa@gmail.com , strona WWW) Marek Ga\u017adzicki, prof. dr hab., marek.gazdzicki@cern.ch Zbigniew W\u0142odarczyk, prof. dr hab., z.wlodarczyk@ujk.edu.pl Grzegorz Stefanek, dr hab. prof. UJK, g.stefanek@ujk.edu.pl (strona WWW) Arkadiusz Kuro\u015b, dr, adiunkt, a.kuros@ujk.edu.pl Rados\u0142aw Maj, dr, adiunkt, r.maj@ujk.edu.pl Milena Piotrowska, dr in\u017c., adiunkt, milena.piotrowska@ujk.edu.pl Peter Seyboth, [&hellip;]<\/p>\n","protected":false},"author":1,"featured_media":0,"parent":72,"menu_order":0,"comment_status":"closed","ping_status":"closed","template":"","meta":{"footnotes":""},"class_list":["post-116","page","type-page","status-publish","hentry"],"_links":{"self":[{"href":"https:\/\/fizyka.ujk.edu.pl\/index.php\/wp-json\/wp\/v2\/pages\/116","targetHints":{"allow":["GET"]}}],"collection":[{"href":"https:\/\/fizyka.ujk.edu.pl\/index.php\/wp-json\/wp\/v2\/pages"}],"about":[{"href":"https:\/\/fizyka.ujk.edu.pl\/index.php\/wp-json\/wp\/v2\/types\/page"}],"author":[{"embeddable":true,"href":"https:\/\/fizyka.ujk.edu.pl\/index.php\/wp-json\/wp\/v2\/users\/1"}],"replies":[{"embeddable":true,"href":"https:\/\/fizyka.ujk.edu.pl\/index.php\/wp-json\/wp\/v2\/comments?post=116"}],"version-history":[{"count":25,"href":"https:\/\/fizyka.ujk.edu.pl\/index.php\/wp-json\/wp\/v2\/pages\/116\/revisions"}],"predecessor-version":[{"id":2205,"href":"https:\/\/fizyka.ujk.edu.pl\/index.php\/wp-json\/wp\/v2\/pages\/116\/revisions\/2205"}],"up":[{"embeddable":true,"href":"https:\/\/fizyka.ujk.edu.pl\/index.php\/wp-json\/wp\/v2\/pages\/72"}],"wp:attachment":[{"href":"https:\/\/fizyka.ujk.edu.pl\/index.php\/wp-json\/wp\/v2\/media?parent=116"}],"curies":[{"name":"wp","href":"https:\/\/api.w.org\/{rel}","templated":true}]}}