{"id":103,"date":"2021-09-21T11:22:57","date_gmt":"2021-09-21T09:22:57","guid":{"rendered":"https:\/\/fizyka.ujk.edu.pl\/nowa\/?page_id=103"},"modified":"2025-01-08T12:57:00","modified_gmt":"2025-01-08T11:57:00","slug":"ptf-kielce","status":"publish","type":"page","link":"https:\/\/fizyka.ujk.edu.pl\/index.php\/ptf-kielce\/","title":{"rendered":"PTF KIELCE"},"content":{"rendered":"<h2>Polskie Towarzystwo Fizyczne &#8211; Oddzia\u0142 Kielecki<\/h2>\n<p>Kielecki oddzia\u0142 PTF i jego cz\u0142onkowie aktywnie uczestnicz\u0105 w dzia\u0142aniach na rzecz upowszechniania fizyki i astronomii w regionie:<\/p>\n<ul>\n<li> organizuj\u0105 cotygodniowe seminaria naukowe w Instytucie Fizyki UJK,<\/li>\n<li> wraz ze Studenckimi Ko\u0142ami Naukowymi w IF UJK organizuj\u0105 wydarzenie Fizykalia, podczas kt\u00f3rego uczniowie szk\u00f3\u0142 s\u0142uchaj\u0105 referat\u00f3w, ogl\u0105daj\u0105 pokazy zjawisk fizycznych, samodzielnie wykonuj\u0105 do\u015bwiadczenia oraz uczestnicz\u0105 w lekcjach fizyki prowadzonych z wykorzystaniem aplikacji multimedialnych symuluj\u0105cych zjawiska fizyczne,<\/li>\n<li> systematycznie organizuj\u0105 pokazy zjawisk fizycznych i astronomicznych dla uczni\u00f3w w pracowniach, laboratoriach oraz planetarium i obserwatorium astronomicznym IF UJK,<\/li>\n<li> prowadz\u0105 badania naukowe \u2013 g\u0142\u00f3wne kierunki to: zderzenia atomowe, spektroskopia rentgenowska, zderzenia j\u0105drowe przy wysokich energiach, fizyka plazmy kwarkowo-gluonowej, biofizyka, fizyka medyczna, dydaktyka fizyki,<\/li>\n<li> uczestnicz\u0105 w eksperymentach NA49 i NA61 (CERN), w SPARC \u2013 Stored Particle Atomic Research Collaboration, wsp\u00f3\u0142tworz\u0105 wirtualny instytut Physics of Strongly Interacting Matter at High Densities,<\/li>\n<li> organizuj\u0105 konferencje o zasi\u0119gu krajowym i mi\u0119dzynarodowym,<\/li>\n<li> wsp\u00f3\u0142pracuj\u0105 w regionie m. in. ze \u015awi\u0119tokrzyskim Centrum Onkologii i o\u015brodkami doskonalenia nauczycieli. <\/li>\n<\/ul>\n<p>Sprawozdania z dzia\u0142alno\u015bci Kieleckiego Oddzia\u0142u PTF za lata<br \/>\n2024 <a href=\"https:\/\/fizyka.ujk.edu.pl\/files\/ptfkielce\/Sprawozdanie_PTF_Kielce _2024.pdf\" target=\"_blank\"> [Pobierz plik PDF] <\/a>\n<\/p>\n<p>Zarz\u0105d <\/p>\n<ol>\n<li> Przewodnicz\u0105cy Zarz\u0105du \u2013 dr Ma\u0142gorzata Wysocka\u2013Kunisz (malgorzata.wysocka-kunisz@ujk.edu.pl) <\/li>\n<li> Skarbnik \u2013 dr Agnieszka Wojtaszek-Szwarc<\/li>\n<li> Sekretarz \u2013 prof. dr hab. Maciej Rybczy\u0144ski (maciej.rybczynski@ujk.edu.pl)<\/li>\n<li> Cz\u0142onek Zarz\u0105du \u2013 dr hab. Aldona Kubala\u2013Kuku\u015b, prof. UJK (aldona.kubala-kukus@ujk.edu.pl)<\/li>\n<\/ol>\n<p>\nKomisja Rewizyjna<\/p>\n<ol>\n<li> prof. dr hab. Zbigniew W\u0142odarczyk \u2013 przewodnicz\u0105cy<\/li>\n<li> mgr in\u017c. Marcin Drabik<\/li>\n<li> dr hab. Grzegorz Stefanek, prof. UJK<\/li>\n<\/ol>\n<p>\nKorespondent oddzia\u0142u: dr hab. Aldona Kubala\u2013Kuku\u015b, prof. UJK<br \/>\nDelegat na Walne Zebranie Polskiego Towarzystwa Fizycznego: dr Ma\u0142gorzata Wysoka\u2013Kunisz<\/p>\n","protected":false},"excerpt":{"rendered":"<p>Polskie Towarzystwo Fizyczne &#8211; Oddzia\u0142 Kielecki Kielecki oddzia\u0142 PTF i jego cz\u0142onkowie aktywnie uczestnicz\u0105 w dzia\u0142aniach na rzecz upowszechniania fizyki i astronomii w regionie: organizuj\u0105 cotygodniowe seminaria naukowe w Instytucie Fizyki UJK, wraz ze Studenckimi Ko\u0142ami Naukowymi w IF UJK organizuj\u0105 wydarzenie Fizykalia, podczas kt\u00f3rego uczniowie szk\u00f3\u0142 s\u0142uchaj\u0105 referat\u00f3w, ogl\u0105daj\u0105 pokazy zjawisk fizycznych, samodzielnie wykonuj\u0105 [&hellip;]<\/p>\n","protected":false},"author":1,"featured_media":0,"parent":0,"menu_order":0,"comment_status":"closed","ping_status":"closed","template":"","meta":{"footnotes":""},"class_list":["post-103","page","type-page","status-publish","hentry"],"_links":{"self":[{"href":"https:\/\/fizyka.ujk.edu.pl\/index.php\/wp-json\/wp\/v2\/pages\/103","targetHints":{"allow":["GET"]}}],"collection":[{"href":"https:\/\/fizyka.ujk.edu.pl\/index.php\/wp-json\/wp\/v2\/pages"}],"about":[{"href":"https:\/\/fizyka.ujk.edu.pl\/index.php\/wp-json\/wp\/v2\/types\/page"}],"author":[{"embeddable":true,"href":"https:\/\/fizyka.ujk.edu.pl\/index.php\/wp-json\/wp\/v2\/users\/1"}],"replies":[{"embeddable":true,"href":"https:\/\/fizyka.ujk.edu.pl\/index.php\/wp-json\/wp\/v2\/comments?post=103"}],"version-history":[{"count":18,"href":"https:\/\/fizyka.ujk.edu.pl\/index.php\/wp-json\/wp\/v2\/pages\/103\/revisions"}],"predecessor-version":[{"id":1725,"href":"https:\/\/fizyka.ujk.edu.pl\/index.php\/wp-json\/wp\/v2\/pages\/103\/revisions\/1725"}],"wp:attachment":[{"href":"https:\/\/fizyka.ujk.edu.pl\/index.php\/wp-json\/wp\/v2\/media?parent=103"}],"curies":[{"name":"wp","href":"https:\/\/api.w.org\/{rel}","templated":true}]}}